000
CDUS43 KLMK 180626
CLILEX


CLIMATE REPORT
NATIONAL WEATHER SERVICE LOUISVILLE KY
226 AM EDT SAT APR 18 2015


...................................

...THE LEXINGTON KY CLIMATE SUMMARY FOR APRIL 17 2015...

CLIMATE NORMAL PERIOD 1981 TO 2010
CLIMATE RECORD PERIOD 1872 TO 2015


WEATHER ITEM   OBSERVED TIME   RECORD YEAR NORMAL DEPARTURE LAST
                VALUE   (LST)  VALUE       VALUE  FROM      YEAR
                                                  NORMAL
..................................................................
TEMPERATURE (F)
 YESTERDAY
  MAXIMUM         73    331 PM  87    1891  66      7       68
  MINIMUM         57    401 AM  17    1875  45     12       41
  AVERAGE         65                        56      9       55

PRECIPITATION (IN)
  YESTERDAY        0.00          1.45 1940   0.11  -0.11     0.00
  MONTH TO DATE   10.09                      1.91   8.18     2.00
  SINCE MAR 1     17.55                      5.98  11.57     4.89
  SINCE JAN 1     22.40                     12.38  10.02    11.93

SNOWFALL (IN)
  YESTERDAY        0.0           0.3  2001   0.0    0.0      0.0
  MONTH TO DATE    0.0                       0.3   -0.3      0.3
  SINCE MAR 1     17.1                       1.7   15.4      7.8
  SINCE JUL 1     40.0                      13.0   27.0     27.1
  SNOW DEPTH       0

DEGREE DAYS
 HEATING
  YESTERDAY        0                        10    -10       10
  MONTH TO DATE  110                       208    -98      152
  SINCE MAR 1    759                       813    -54      868
  SINCE JUL 1   4737                      4384    353     4711

 COOLING
  YESTERDAY        0                         1     -1        0
  MONTH TO DATE   12                         8      4       11
  SINCE MAR 1     12                        10      2       11
  SINCE JAN 1     12                        10      2       11
..................................................................


WIND (MPH)
  HIGHEST WIND SPEED    10   HIGHEST WIND DIRECTION    SW (210)
  HIGHEST GUST SPEED    13   HIGHEST GUST DIRECTION     S (200)
  AVERAGE WIND SPEED     3.7


SKY COVER
  POSSIBLE SUNSHINE  MM
  AVERAGE SKY COVER 0.5


WEATHER CONDITIONS
 THE FOLLOWING WEATHER WAS RECORDED YESTERDAY.
  FOG


RELATIVE HUMIDITY (PERCENT)
 HIGHEST    97           900 AM
 LOWEST     61           300 PM
 AVERAGE    79

..........................................................


THE LEXINGTON KY CLIMATE NORMALS FOR TODAY
                         NORMAL    RECORD    YEAR
 MAXIMUM TEMPERATURE (F)   67        88      1896
 MINIMUM TEMPERATURE (F)   46        15      1875


SUNRISE AND SUNSET
APRIL 18 2015.........SUNRISE   659 AM EDT   SUNSET   817 PM EDT
APRIL 19 2015.........SUNRISE   658 AM EDT   SUNSET   818 PM EDT


-  INDICATES NEGATIVE NUMBERS.
R  INDICATES RECORD WAS SET OR TIED.
MM INDICATES DATA IS MISSING.
T  INDICATES TRACE AMOUNT.




$$
