000
CDUS43 KLMK 282028
CLILEX


CLIMATE REPORT
NATIONAL WEATHER SERVICE LOUISVILLE KY
428 PM EDT TUE APR 28 2015


...................................

...THE LEXINGTON KY CLIMATE SUMMARY FOR APRIL 28 2015...
VALID TODAY AS OF 0400 PM LOCAL TIME.

CLIMATE NORMAL PERIOD 1981 TO 2010
CLIMATE RECORD PERIOD 1872 TO 2015


WEATHER ITEM   OBSERVED TIME   RECORD YEAR NORMAL DEPARTURE LAST
                VALUE   (LST)  VALUE       VALUE  FROM      YEAR
                                                  NORMAL
..................................................................
TEMPERATURE (F)
 TODAY
  MAXIMUM         62    259 PM  86    1957  70     -8       68
  MINIMUM         37    556 AM  28    1976  49    -12       62
  AVERAGE         50                        59     -9       65

PRECIPITATION (IN)
  TODAY            0.00          1.82 1970   0.13  -0.13     1.58
  MONTH TO DATE   11.24                      3.33   7.91     4.33
  SINCE MAR 1     18.70                      7.40  11.30     7.22
  SINCE JAN 1     23.55                     13.80   9.75    14.26

SNOWFALL (IN)
  TODAY            0.0           0.0    MM   0.0    0.0      0.0
  MONTH TO DATE    0.0                       0.3   -0.3      0.3
  SINCE MAR 1     17.1                       1.7   15.4      7.8
  SINCE JUL 1     40.0                      13.0   27.0     27.1
  SNOW DEPTH       0

DEGREE DAYS
 HEATING
  TODAY           15                         7      8        0
  MONTH TO DATE  239                       299    -60      200
  SINCE MAR 1    888                       904    -16      916
  SINCE JUL 1   4866                      4475    391     4759

 COOLING
  TODAY            0                         1     -1        0
  MONTH TO DATE   12                        19     -7       13
  SINCE MAR 1     12                        21     -9       13
  SINCE JAN 1     12                        21     -9       13
..................................................................


WIND (MPH)
  HIGHEST WIND SPEED    18   HIGHEST WIND DIRECTION    NE (30)
  HIGHEST GUST SPEED    26   HIGHEST GUST DIRECTION    NE (50)
  AVERAGE WIND SPEED    10.5


SKY COVER
  POSSIBLE SUNSHINE  MM
  AVERAGE SKY COVER 0.0


WEATHER CONDITIONS
 THE FOLLOWING WEATHER WAS RECORDED TODAY.
  NO SIGNIFICANT WEATHER WAS OBSERVED.


RELATIVE HUMIDITY (PERCENT)
 HIGHEST    92           500 AM
 LOWEST     51          1100 AM
 AVERAGE    72

..........................................................


THE LEXINGTON KY CLIMATE NORMALS FOR TOMORROW
                         NORMAL    RECORD    YEAR
 MAXIMUM TEMPERATURE (F)   70        86      1899
 MINIMUM TEMPERATURE (F)   49        28      1874


SUNRISE AND SUNSET
APRIL 28 2015.........SUNRISE   646 AM EDT   SUNSET   826 PM EDT
APRIL 29 2015.........SUNRISE   645 AM EDT   SUNSET   827 PM EDT


-  INDICATES NEGATIVE NUMBERS.
R  INDICATES RECORD WAS SET OR TIED.
MM INDICATES DATA IS MISSING.
T  INDICATES TRACE AMOUNT.




$$
