000
CDUS43 KLMK 120627
CLILEX


CLIMATE REPORT
NATIONAL WEATHER SERVICE LOUISVILLE KY
226 AM EDT SUN APR 12 2015


...................................

...THE LEXINGTON KY CLIMATE SUMMARY FOR APRIL 11 2015...

CLIMATE NORMAL PERIOD 1981 TO 2010
CLIMATE RECORD PERIOD 1872 TO 2015


WEATHER ITEM   OBSERVED TIME   RECORD YEAR NORMAL DEPARTURE LAST
                VALUE   (LST)  VALUE       VALUE  FROM      YEAR
                                                  NORMAL
..................................................................
TEMPERATURE (F)
 YESTERDAY
  MAXIMUM         63    333 PM  85    1930  65     -2       73
  MINIMUM         40    620 AM  24    1989  43     -3       56
  AVERAGE         52                        54     -2       65

PRECIPITATION (IN)
  YESTERDAY        0.00          1.43 1966   0.11  -0.11     0.03
  MONTH TO DATE    8.73                      1.24   7.49     1.63
  SINCE MAR 1     16.19                      5.31  10.88     4.52
  SINCE JAN 1     21.04                     11.71   9.33    11.56

SNOWFALL (IN)
  YESTERDAY        0.0           0.2  1973   0.0    0.0      0.0
  MONTH TO DATE    0.0                       0.2   -0.2      0.0
  SINCE MAR 1     17.1                       1.6   15.5      7.5
  SINCE JUL 1     40.0                      12.9   27.1     26.8
  SNOW DEPTH       0

DEGREE DAYS
 HEATING
  YESTERDAY       13                        12      1        0
  MONTH TO DATE   87                       145    -58       86
  SINCE MAR 1    736                       750    -14      802
  SINCE JUL 1   4714                      4321    393     4645

 COOLING
  YESTERDAY        0                         1     -1        0
  MONTH TO DATE    9                         2      7        2
  SINCE MAR 1      9                         4      5        2
  SINCE JAN 1      9                         4      5        2
..................................................................


WIND (MPH)
  HIGHEST WIND SPEED    14   HIGHEST WIND DIRECTION    NE (50)
  HIGHEST GUST SPEED    18   HIGHEST GUST DIRECTION    NE (60)
  AVERAGE WIND SPEED     6.7


SKY COVER
  POSSIBLE SUNSHINE  MM
  AVERAGE SKY COVER 0.0


WEATHER CONDITIONS
 THE FOLLOWING WEATHER WAS RECORDED YESTERDAY.
  NO SIGNIFICANT WEATHER WAS OBSERVED.


RELATIVE HUMIDITY (PERCENT)
 HIGHEST    76           100 AM
 LOWEST     32           500 PM
 AVERAGE    54

..........................................................


THE LEXINGTON KY CLIMATE NORMALS FOR TODAY
                         NORMAL    RECORD    YEAR
 MAXIMUM TEMPERATURE (F)   65        85      1930
 MINIMUM TEMPERATURE (F)   44        24      1976


SUNRISE AND SUNSET
APRIL 12 2015.........SUNRISE   708 AM EDT   SUNSET   811 PM EDT
APRIL 13 2015.........SUNRISE   706 AM EDT   SUNSET   812 PM EDT


-  INDICATES NEGATIVE NUMBERS.
R  INDICATES RECORD WAS SET OR TIED.
MM INDICATES DATA IS MISSING.
T  INDICATES TRACE AMOUNT.




$$
