000
CDUS43 KLMK 280632
CLILEX


CLIMATE REPORT
NATIONAL WEATHER SERVICE LOUISVILLE KY
231 AM EDT TUE APR 28 2015


...................................

...THE LEXINGTON KY CLIMATE SUMMARY FOR APRIL 27 2015...

CLIMATE NORMAL PERIOD 1981 TO 2010
CLIMATE RECORD PERIOD 1872 TO 2015


WEATHER ITEM   OBSERVED TIME   RECORD YEAR NORMAL DEPARTURE LAST
                VALUE   (LST)  VALUE       VALUE  FROM      YEAR
                                                  NORMAL
..................................................................
TEMPERATURE (F)
 YESTERDAY
  MAXIMUM         63    528 PM  87    1986  69     -6       81
  MINIMUM         35    505 AM  32    1996  48    -13       52
                                      1976
  AVERAGE         49                        59    -10       67

PRECIPITATION (IN)
  YESTERDAY        0.00          1.52 2011   0.14  -0.14     0.02
  MONTH TO DATE   11.24                      3.20   8.04     2.75
  SINCE MAR 1     18.70                      7.27  11.43     5.64
  SINCE JAN 1     23.55                     13.67   9.88    12.68

SNOWFALL (IN)
  YESTERDAY        0.0           0.0    MM   0.0    0.0      0.0
  MONTH TO DATE    0.0                       0.3   -0.3      0.3
  SINCE MAR 1     17.1                       1.7   15.4      7.8
  SINCE JUL 1     40.0                      13.0   27.0     27.1
  SNOW DEPTH       0

DEGREE DAYS
 HEATING
  YESTERDAY       16                         7      9        0
  MONTH TO DATE  224                       292    -68      200
  SINCE MAR 1    873                       897    -24      916
  SINCE JUL 1   4851                      4468    383     4759

 COOLING
  YESTERDAY        0                         1     -1        2
  MONTH TO DATE   12                        18     -6       13
  SINCE MAR 1     12                        20     -8       13
  SINCE JAN 1     12                        20     -8       13
..................................................................


WIND (MPH)
  HIGHEST WIND SPEED    14   HIGHEST WIND DIRECTION    NE (40)
  HIGHEST GUST SPEED    18   HIGHEST GUST DIRECTION    NE (60)
  AVERAGE WIND SPEED     6.3


SKY COVER
  POSSIBLE SUNSHINE  MM
  AVERAGE SKY COVER 0.2


WEATHER CONDITIONS
 THE FOLLOWING WEATHER WAS RECORDED YESTERDAY.
  NO SIGNIFICANT WEATHER WAS OBSERVED.


RELATIVE HUMIDITY (PERCENT)
 HIGHEST    85           600 AM
 LOWEST     39           200 PM
 AVERAGE    62

..........................................................


THE LEXINGTON KY CLIMATE NORMALS FOR TODAY
                         NORMAL    RECORD    YEAR
 MAXIMUM TEMPERATURE (F)   70        86      1957
 MINIMUM TEMPERATURE (F)   49        28      1976


SUNRISE AND SUNSET
APRIL 28 2015.........SUNRISE   646 AM EDT   SUNSET   826 PM EDT
APRIL 29 2015.........SUNRISE   645 AM EDT   SUNSET   827 PM EDT


-  INDICATES NEGATIVE NUMBERS.
R  INDICATES RECORD WAS SET OR TIED.
MM INDICATES DATA IS MISSING.
T  INDICATES TRACE AMOUNT.




$$
