000
CDUS43 KLMK 190628
CLILEX


CLIMATE REPORT
NATIONAL WEATHER SERVICE LOUISVILLE KY
227 AM EDT SUN APR 19 2015


...................................

...THE LEXINGTON KY CLIMATE SUMMARY FOR APRIL 18 2015...

CLIMATE NORMAL PERIOD 1981 TO 2010
CLIMATE RECORD PERIOD 1872 TO 2015


WEATHER ITEM   OBSERVED TIME   RECORD YEAR NORMAL DEPARTURE LAST
                VALUE   (LST)  VALUE       VALUE  FROM      YEAR
                                                  NORMAL
..................................................................
TEMPERATURE (F)
 YESTERDAY
  MAXIMUM         77    401 PM  88    1896  67     10       71
  MINIMUM         52    607 AM  15    1875  46      6       45
  AVERAGE         65                        56      9       58

PRECIPITATION (IN)
  YESTERDAY        0.00          1.48 1969   0.12  -0.12     0.00
  MONTH TO DATE   10.09                      2.03   8.06     2.00
  SINCE MAR 1     17.55                      6.10  11.45     4.89
  SINCE JAN 1     22.40                     12.50   9.90    11.93

SNOWFALL (IN)
  YESTERDAY        0.0           0.2  1910   0.0    0.0      0.0
  MONTH TO DATE    0.0                       0.3   -0.3      0.3
  SINCE MAR 1     17.1                       1.7   15.4      7.8
  SINCE JUL 1     40.0                      13.0   27.0     27.1
  SNOW DEPTH       0

DEGREE DAYS
 HEATING
  YESTERDAY        0                        10    -10        7
  MONTH TO DATE  110                       218   -108      159
  SINCE MAR 1    759                       823    -64      875
  SINCE JUL 1   4737                      4394    343     4718

 COOLING
  YESTERDAY        0                         1     -1        0
  MONTH TO DATE   12                         9      3       11
  SINCE MAR 1     12                        11      1       11
  SINCE JAN 1     12                        11      1       11
..................................................................


WIND (MPH)
  HIGHEST WIND SPEED    14   HIGHEST WIND DIRECTION     E (80)
  HIGHEST GUST SPEED    20   HIGHEST GUST DIRECTION    NE (30)
  AVERAGE WIND SPEED     6.2


SKY COVER
  POSSIBLE SUNSHINE  MM
  AVERAGE SKY COVER 0.0


WEATHER CONDITIONS
 THE FOLLOWING WEATHER WAS RECORDED YESTERDAY.
  FOG


RELATIVE HUMIDITY (PERCENT)
 HIGHEST   100           200 AM
 LOWEST     36           300 PM
 AVERAGE    68

..........................................................


THE LEXINGTON KY CLIMATE NORMALS FOR TODAY
                         NORMAL    RECORD    YEAR
 MAXIMUM TEMPERATURE (F)   67        86      1941
 MINIMUM TEMPERATURE (F)   46        25      1983


SUNRISE AND SUNSET
APRIL 19 2015.........SUNRISE   658 AM EDT   SUNSET   818 PM EDT
APRIL 20 2015.........SUNRISE   656 AM EDT   SUNSET   819 PM EDT


-  INDICATES NEGATIVE NUMBERS.
R  INDICATES RECORD WAS SET OR TIED.
MM INDICATES DATA IS MISSING.
T  INDICATES TRACE AMOUNT.




$$
