000
CDUS43 KLMK 270628
CLILEX


CLIMATE REPORT
NATIONAL WEATHER SERVICE LOUISVILLE KY
228 AM EDT MON APR 27 2015


...................................

...THE LEXINGTON KY CLIMATE SUMMARY FOR APRIL 26 2015...

CLIMATE NORMAL PERIOD 1981 TO 2010
CLIMATE RECORD PERIOD 1872 TO 2015


WEATHER ITEM   OBSERVED TIME   RECORD YEAR NORMAL DEPARTURE LAST
                VALUE   (LST)  VALUE       VALUE  FROM      YEAR
                                                  NORMAL
..................................................................
TEMPERATURE (F)
 YESTERDAY
  MAXIMUM         62    440 PM  88    1938  69     -7       77
                                      1935
  MINIMUM         42    654 AM  30    1919  48     -6       49
  AVERAGE         52                        58     -6       63

PRECIPITATION (IN)
  YESTERDAY        0.01          2.28 1912   0.13  -0.12     0.00
  MONTH TO DATE   11.24                      3.06   8.18     2.73
  SINCE MAR 1     18.70                      7.13  11.57     5.62
  SINCE JAN 1     23.55                     13.53  10.02    12.66

SNOWFALL (IN)
  YESTERDAY        0.0           0.0    MM   0.0    0.0      0.0
  MONTH TO DATE    0.0                       0.3   -0.3      0.3
  SINCE MAR 1     17.1                       1.7   15.4      7.8
  SINCE JUL 1     40.0                      13.0   27.0     27.1
  SNOW DEPTH       0

DEGREE DAYS
 HEATING
  YESTERDAY       13                         7      6        2
  MONTH TO DATE  208                       285    -77      200
  SINCE MAR 1    857                       890    -33      916
  SINCE JUL 1   4835                      4461    374     4759

 COOLING
  YESTERDAY        0                         1     -1        0
  MONTH TO DATE   12                        17     -5       11
  SINCE MAR 1     12                        19     -7       11
  SINCE JAN 1     12                        19     -7       11
..................................................................


WIND (MPH)
  HIGHEST WIND SPEED    16   HIGHEST WIND DIRECTION     N (350)
  HIGHEST GUST SPEED    21   HIGHEST GUST DIRECTION     N (20)
  AVERAGE WIND SPEED     9.5


SKY COVER
  POSSIBLE SUNSHINE  MM
  AVERAGE SKY COVER 0.4


WEATHER CONDITIONS
 THE FOLLOWING WEATHER WAS RECORDED YESTERDAY.
  LIGHT RAIN
  FOG


RELATIVE HUMIDITY (PERCENT)
 HIGHEST   100          1200 AM
 LOWEST     40           600 PM
 AVERAGE    70

..........................................................


THE LEXINGTON KY CLIMATE NORMALS FOR TODAY
                         NORMAL    RECORD    YEAR
 MAXIMUM TEMPERATURE (F)   69        87      1986
 MINIMUM TEMPERATURE (F)   48        32      1996
                                             1976


SUNRISE AND SUNSET
APRIL 27 2015.........SUNRISE   647 AM EDT   SUNSET   825 PM EDT
APRIL 28 2015.........SUNRISE   646 AM EDT   SUNSET   826 PM EDT


-  INDICATES NEGATIVE NUMBERS.
R  INDICATES RECORD WAS SET OR TIED.
MM INDICATES DATA IS MISSING.
T  INDICATES TRACE AMOUNT.




$$
