000
CDUS43 KLMK 100629
CLILEX


CLIMATE REPORT
NATIONAL WEATHER SERVICE LOUISVILLE KY
229 AM EDT FRI APR 10 2015


...................................

...THE LEXINGTON KY CLIMATE SUMMARY FOR APRIL 9 2015...

CLIMATE NORMAL PERIOD 1981 TO 2010
CLIMATE RECORD PERIOD 1872 TO 2015


WEATHER ITEM   OBSERVED TIME   RECORD YEAR NORMAL DEPARTURE LAST
                VALUE   (LST)  VALUE       VALUE  FROM      YEAR
                                                  NORMAL
..................................................................
TEMPERATURE (F)
 YESTERDAY
  MAXIMUM         82    334 PM  84    1919  64     18       64
  MINIMUM         62    428 AM  21    1997  43     19       41
  AVERAGE         72                        53     19       53

PRECIPITATION (IN)
  YESTERDAY        T             1.71 1942   0.11  -0.11     0.00
  MONTH TO DATE    7.51                      1.01   6.50     1.60
  SINCE MAR 1     14.97                      5.08   9.89     4.49
  SINCE JAN 1     19.82                     11.48   8.34    11.53

SNOWFALL (IN)
  YESTERDAY        0.0           0.2  1916   0.0    0.0      0.0
  MONTH TO DATE    0.0                       0.2   -0.2      0.0
  SINCE MAR 1     17.1                       1.6   15.5      7.5
  SINCE JUL 1     40.0                      12.9   27.1     26.8
  SNOW DEPTH       0

DEGREE DAYS
 HEATING
  YESTERDAY        0                        12    -12       12
  MONTH TO DATE   69                       121    -52       80
  SINCE MAR 1    718                       726     -8      796
  SINCE JUL 1   4696                      4297    399     4639

 COOLING
  YESTERDAY        7                         0      7        0
  MONTH TO DATE    9                         0      9        2
  SINCE MAR 1      9                         2      7        2
  SINCE JAN 1      9                         2      7        2
..................................................................


WIND (MPH)
  HIGHEST WIND SPEED    29   HIGHEST WIND DIRECTION     S (200)
  HIGHEST GUST SPEED    35   HIGHEST GUST DIRECTION    SW (210)
  AVERAGE WIND SPEED    14.2


SKY COVER
  POSSIBLE SUNSHINE  MM
  AVERAGE SKY COVER 0.2


WEATHER CONDITIONS
 THE FOLLOWING WEATHER WAS RECORDED YESTERDAY.
  NO SIGNIFICANT WEATHER WAS OBSERVED.


RELATIVE HUMIDITY (PERCENT)
 HIGHEST    93          1200 AM
 LOWEST     45           400 PM
 AVERAGE    69

..........................................................


THE LEXINGTON KY CLIMATE NORMALS FOR TODAY
                         NORMAL    RECORD    YEAR
 MAXIMUM TEMPERATURE (F)   64        84      2013
 MINIMUM TEMPERATURE (F)   43        24      1960


SUNRISE AND SUNSET
APRIL 10 2015.........SUNRISE   711 AM EDT   SUNSET   810 PM EDT
APRIL 11 2015.........SUNRISE   709 AM EDT   SUNSET   810 PM EDT


-  INDICATES NEGATIVE NUMBERS.
R  INDICATES RECORD WAS SET OR TIED.
MM INDICATES DATA IS MISSING.
T  INDICATES TRACE AMOUNT.




$$
