000
CDUS43 KLMK 102031
CLILEX


CLIMATE REPORT
NATIONAL WEATHER SERVICE LOUISVILLE KY
431 PM EDT FRI APR 10 2015


...................................

...THE LEXINGTON KY CLIMATE SUMMARY FOR APRIL 10 2015...
VALID TODAY AS OF 0400 PM LOCAL TIME.

CLIMATE NORMAL PERIOD 1981 TO 2010
CLIMATE RECORD PERIOD 1872 TO 2015


WEATHER ITEM   OBSERVED TIME   RECORD YEAR NORMAL DEPARTURE LAST
                VALUE   (LST)  VALUE       VALUE  FROM      YEAR
                                                  NORMAL
..................................................................
TEMPERATURE (F)
 TODAY
  MAXIMUM         73    152 AM  84    2013  64      9       75
  MINIMUM         53    859 AM  24    1960  43     10       43
  AVERAGE         63                        54      9       59

PRECIPITATION (IN)
  TODAY            1.22          1.39 1919   0.12   1.10     0.00
  MONTH TO DATE    8.73                      1.13   7.60     1.60
  SINCE MAR 1     16.19                      5.20  10.99     4.49
  SINCE JAN 1     21.04                     11.60   9.44    11.53

SNOWFALL (IN)
  TODAY            0.0           0.3  1918   0.0    0.0      0.0
  MONTH TO DATE    0.0                       0.2   -0.2      0.0
  SINCE MAR 1     17.1                       1.6   15.5      7.5
  SINCE JUL 1     40.0                      12.9   27.1     26.8
  SNOW DEPTH       0

DEGREE DAYS
 HEATING
  TODAY            2                        12    -10        6
  MONTH TO DATE   71                       133    -62       86
  SINCE MAR 1    720                       738    -18      802
  SINCE JUL 1   4698                      4309    389     4645

 COOLING
  TODAY            0                         1     -1        0
  MONTH TO DATE    9                         1      8        2
  SINCE MAR 1      9                         3      6        2
  SINCE JAN 1      9                         3      6        2
..................................................................


WIND (MPH)
  HIGHEST WIND SPEED    31   HIGHEST WIND DIRECTION    SW (210)
  HIGHEST GUST SPEED    39   HIGHEST GUST DIRECTION     W (260)
  AVERAGE WIND SPEED    14.8


SKY COVER
  POSSIBLE SUNSHINE  MM
  AVERAGE SKY COVER 0.6


WEATHER CONDITIONS
 THE FOLLOWING WEATHER WAS RECORDED TODAY.
  THUNDERSTORM
  HEAVY RAIN
  RAIN
  LIGHT RAIN
  FOG


RELATIVE HUMIDITY (PERCENT)
 HIGHEST    93           600 AM
 LOWEST     49           300 PM
 AVERAGE    71

..........................................................


THE LEXINGTON KY CLIMATE NORMALS FOR TOMORROW
                         NORMAL    RECORD    YEAR
 MAXIMUM TEMPERATURE (F)   65        85      1930
 MINIMUM TEMPERATURE (F)   43        24      1989


SUNRISE AND SUNSET
APRIL 10 2015.........SUNRISE   711 AM EDT   SUNSET   810 PM EDT
APRIL 11 2015.........SUNRISE   709 AM EDT   SUNSET   810 PM EDT


-  INDICATES NEGATIVE NUMBERS.
R  INDICATES RECORD WAS SET OR TIED.
MM INDICATES DATA IS MISSING.
T  INDICATES TRACE AMOUNT.




$$
