000
CDUS43 KLMK 150643
CLILEX


CLIMATE REPORT
NATIONAL WEATHER SERVICE LOUISVILLE KY
242 AM EDT WED APR 15 2015


...................................

...THE LEXINGTON KY CLIMATE SUMMARY FOR APRIL 14 2015...

CLIMATE NORMAL PERIOD 1981 TO 2010
CLIMATE RECORD PERIOD 1872 TO 2015


WEATHER ITEM   OBSERVED TIME   RECORD YEAR NORMAL DEPARTURE LAST
                VALUE   (LST)  VALUE       VALUE  FROM      YEAR
                                                  NORMAL
..................................................................
TEMPERATURE (F)
 YESTERDAY
  MAXIMUM         64   1240 AM  84    1977  65     -1       73
  MINIMUM         52   1159 PM  24    1907  44      8       46
  AVERAGE         58                        55      3       60

PRECIPITATION (IN)
  YESTERDAY        1.05          2.49 1922   0.11   0.94     0.16
  MONTH TO DATE   10.05                      1.57   8.48     1.79
  SINCE MAR 1     17.51                      5.64  11.87     4.68
  SINCE JAN 1     22.36                     12.04  10.32    11.72

SNOWFALL (IN)
  YESTERDAY        0.0           1.5  1904   0.1   -0.1      0.0
  MONTH TO DATE    0.0                       0.3   -0.3      0.0
  SINCE MAR 1     17.1                       1.7   15.4      7.5
  SINCE JUL 1     40.0                      13.0   27.0     26.8
  SNOW DEPTH       0

DEGREE DAYS
 HEATING
  YESTERDAY        7                        11     -4        5
  MONTH TO DATE  100                       178    -78       91
  SINCE MAR 1    749                       783    -34      807
  SINCE JUL 1   4727                      4354    373     4650

 COOLING
  YESTERDAY        0                         1     -1        0
  MONTH TO DATE   12                         5      7       11
  SINCE MAR 1     12                         7      5       11
  SINCE JAN 1     12                         7      5       11
..................................................................


WIND (MPH)
  HIGHEST WIND SPEED    24   HIGHEST WIND DIRECTION    NE (40)
  HIGHEST GUST SPEED    33   HIGHEST GUST DIRECTION    NE (40)
  AVERAGE WIND SPEED    13.9


SKY COVER
  POSSIBLE SUNSHINE  MM
  AVERAGE SKY COVER 1.0


WEATHER CONDITIONS
 THE FOLLOWING WEATHER WAS RECORDED YESTERDAY.
  RAIN
  LIGHT RAIN
  FOG


RELATIVE HUMIDITY (PERCENT)
 HIGHEST   100           100 AM
 LOWEST     61           900 PM
 AVERAGE    81

..........................................................


THE LEXINGTON KY CLIMATE NORMALS FOR TODAY
                         NORMAL    RECORD    YEAR
 MAXIMUM TEMPERATURE (F)   66        84      2010
 MINIMUM TEMPERATURE (F)   45        25      1943


SUNRISE AND SUNSET
APRIL 15 2015.........SUNRISE   703 AM EDT   SUNSET   814 PM EDT
APRIL 16 2015.........SUNRISE   702 AM EDT   SUNSET   815 PM EDT


-  INDICATES NEGATIVE NUMBERS.
R  INDICATES RECORD WAS SET OR TIED.
MM INDICATES DATA IS MISSING.
T  INDICATES TRACE AMOUNT.




$$
