000
CDUS43 KLMK 170626
CLILEX


CLIMATE REPORT
NATIONAL WEATHER SERVICE LOUISVILLE KY
226 AM EDT FRI APR 17 2015


...................................

...THE LEXINGTON KY CLIMATE SUMMARY FOR APRIL 16 2015...

CLIMATE NORMAL PERIOD 1981 TO 2010
CLIMATE RECORD PERIOD 1872 TO 2015


WEATHER ITEM   OBSERVED TIME   RECORD YEAR NORMAL DEPARTURE LAST
                VALUE   (LST)  VALUE       VALUE  FROM      YEAR
                                                  NORMAL
..................................................................
TEMPERATURE (F)
 YESTERDAY
  MAXIMUM         71    351 PM  85    1896  66      5       54
  MINIMUM         56    658 AM  20    1875  45     11       27
  AVERAGE         64                        56      8       41

PRECIPITATION (IN)
  YESTERDAY        0.04          1.99 1954   0.11  -0.07     0.00
  MONTH TO DATE   10.09                      1.80   8.29     2.00
  SINCE MAR 1     17.55                      5.87  11.68     4.89
  SINCE JAN 1     22.40                     12.27  10.13    11.93

SNOWFALL (IN)
  YESTERDAY        0.0           0.8  1905   0.0    0.0      0.0
  MONTH TO DATE    0.0                       0.3   -0.3      0.3
  SINCE MAR 1     17.1                       1.7   15.4      7.8
  SINCE JUL 1     40.0                      13.0   27.0     27.1
  SNOW DEPTH       0

DEGREE DAYS
 HEATING
  YESTERDAY        1                        10     -9       24
  MONTH TO DATE  110                       198    -88      142
  SINCE MAR 1    759                       803    -44      858
  SINCE JUL 1   4737                      4374    363     4701

 COOLING
  YESTERDAY        0                         1     -1        0
  MONTH TO DATE   12                         7      5       11
  SINCE MAR 1     12                         9      3       11
  SINCE JAN 1     12                         9      3       11
..................................................................


WIND (MPH)
  HIGHEST WIND SPEED    18   HIGHEST WIND DIRECTION    SW (220)
  HIGHEST GUST SPEED    24   HIGHEST GUST DIRECTION    SW (220)
  AVERAGE WIND SPEED    10.1


SKY COVER
  POSSIBLE SUNSHINE  MM
  AVERAGE SKY COVER 0.7


WEATHER CONDITIONS
 THE FOLLOWING WEATHER WAS RECORDED YESTERDAY.
  THUNDERSTORM
  LIGHT RAIN


RELATIVE HUMIDITY (PERCENT)
 HIGHEST    93           200 AM
 LOWEST     70           300 PM
 AVERAGE    82

..........................................................


THE LEXINGTON KY CLIMATE NORMALS FOR TODAY
                         NORMAL    RECORD    YEAR
 MAXIMUM TEMPERATURE (F)   66        87      1891
 MINIMUM TEMPERATURE (F)   45        17      1875


SUNRISE AND SUNSET
APRIL 17 2015.........SUNRISE   701 AM EDT   SUNSET   816 PM EDT
APRIL 18 2015.........SUNRISE   659 AM EDT   SUNSET   817 PM EDT


-  INDICATES NEGATIVE NUMBERS.
R  INDICATES RECORD WAS SET OR TIED.
MM INDICATES DATA IS MISSING.
T  INDICATES TRACE AMOUNT.




$$
