000
CDUS43 KLMK 042032
CLILEX


CLIMATE REPORT
NATIONAL WEATHER SERVICE LOUISVILLE KY
431 PM EDT MON MAY 4 2015


...................................

...THE LEXINGTON KY CLIMATE SUMMARY FOR MAY 4 2015...
VALID TODAY AS OF 0400 PM LOCAL TIME.

CLIMATE NORMAL PERIOD 1981 TO 2010
CLIMATE RECORD PERIOD 1872 TO 2015


WEATHER ITEM   OBSERVED TIME   RECORD YEAR NORMAL DEPARTURE LAST
                VALUE   (LST)  VALUE       VALUE  FROM      YEAR
                                                  NORMAL
..................................................................
TEMPERATURE (F)
 TODAY
  MAXIMUM         81    252 PM  88    1949  71     10       79
                                      1938
  MINIMUM         55    149 AM  31    1957  50      5       50
  AVERAGE         68                        61      7       65

PRECIPITATION (IN)
  TODAY            0.00          2.02 1958   0.17  -0.17     0.00
  MONTH TO DATE    0.00                      0.64  -0.64     0.00
  SINCE MAR 1     18.87                      8.31  10.56     8.88
  SINCE JAN 1     23.72                     14.71   9.01    15.92

SNOWFALL (IN)
  TODAY            0.0          MM      MM   0.0    0.0      0.0
  MONTH TO DATE    0.0                       0.0    0.0      0.0
  SINCE MAR 1     17.1                       1.7   15.4      7.8
  SINCE JUL 1     40.0                      13.0   27.0     27.1
  SNOW DEPTH       0

DEGREE DAYS
 HEATING
  TODAY            0                         5     -5        0
  MONTH TO DATE   18                        23     -5       32
  SINCE MAR 1    927                       941    -14      954
  SINCE JUL 1   4905                      4512    393     4797

 COOLING
  TODAY            3                         1      2        0
  MONTH TO DATE    3                         4     -1        0
  SINCE MAR 1     15                        26    -11       15
  SINCE JAN 1     15                        26    -11       15
..................................................................


WIND (MPH)
  HIGHEST WIND SPEED    18   HIGHEST WIND DIRECTION    SW (230)
  HIGHEST GUST SPEED    22   HIGHEST GUST DIRECTION    SW (220)
  AVERAGE WIND SPEED     9.1


SKY COVER
  POSSIBLE SUNSHINE  MM
  AVERAGE SKY COVER 0.1


WEATHER CONDITIONS
 THE FOLLOWING WEATHER WAS RECORDED TODAY.
  NO SIGNIFICANT WEATHER WAS OBSERVED.


RELATIVE HUMIDITY (PERCENT)
 HIGHEST    77           200 AM
 LOWEST     39           300 PM
 AVERAGE    58

..........................................................


THE LEXINGTON KY CLIMATE NORMALS FOR TOMORROW
                         NORMAL    RECORD    YEAR
 MAXIMUM TEMPERATURE (F)   71        92      1952
 MINIMUM TEMPERATURE (F)   51        33      2011
                                             1957


SUNRISE AND SUNSET
MAY  4 2015...........SUNRISE   639 AM EDT   SUNSET   832 PM EDT
MAY  5 2015...........SUNRISE   638 AM EDT   SUNSET   833 PM EDT


-  INDICATES NEGATIVE NUMBERS.
R  INDICATES RECORD WAS SET OR TIED.
MM INDICATES DATA IS MISSING.
T  INDICATES TRACE AMOUNT.




$$
