000
CDUS43 KLMK 170626
CLILOU


CLIMATE REPORT
NATIONAL WEATHER SERVICE LOUISVILLE KY
226 AM EDT FRI APR 17 2015


...................................

...THE LOUISVILLE BOWMAN KY CLIMATE SUMMARY FOR APRIL 16 2015...

CLIMATE NORMAL PERIOD 1981 TO 2010
CLIMATE RECORD PERIOD 9999 TO 9999


WEATHER ITEM   OBSERVED TIME   RECORD YEAR NORMAL DEPARTURE LAST
                VALUE   (LST)  VALUE       VALUE  FROM      YEAR
                                                  NORMAL
..................................................................
TEMPERATURE (F)
 YESTERDAY
  MAXIMUM         75    240 PM  MM      MM  67      8       56
  MINIMUM         58    247 AM  MM      MM  47     11       32
  AVERAGE         67                        57     10       44

PRECIPITATION (IN)
  YESTERDAY        0.09         MM      MM   0.12  -0.03     0.00
  MONTH TO DATE    8.64                      1.90   6.74     4.74
  SINCE MAR 1     15.38                      6.06   9.32     6.92
  SINCE JAN 1     18.16                     12.62   5.54    12.69

SNOWFALL (IN)
  YESTERDAY       MM            MM      MM  MM     MM       MM
  MONTH TO DATE   MM                        MM     MM       MM
  SINCE MAR 1     MM                        MM     MM       MM
  SINCE JUL 1     MM                        MM     MM       MM
  SNOW DEPTH      MM

DEGREE DAYS
 HEATING
  YESTERDAY        0                         9     -9       21
  MONTH TO DATE   78                       177    -99      126
  SINCE MAR 1    670                       739    -69      803
  SINCE JUL 1   4454                      4100    354     4612

 COOLING
  YESTERDAY        2                         1      1        0
  MONTH TO DATE   17                        16      1       21
  SINCE MAR 1     17                        20     -3       21
  SINCE JAN 1     17                        20     -3       21
..................................................................


WIND (MPH)
  HIGHEST WIND SPEED    15   HIGHEST WIND DIRECTION     S (170)
  HIGHEST GUST SPEED    21   HIGHEST GUST DIRECTION     S (170)
  AVERAGE WIND SPEED     5.5


SKY COVER
  POSSIBLE SUNSHINE  MM
  AVERAGE SKY COVER 0.7


WEATHER CONDITIONS
 THE FOLLOWING WEATHER WAS RECORDED YESTERDAY.
  LIGHT RAIN
  FOG


RELATIVE HUMIDITY (PERCENT)
 HIGHEST    90           800 AM
 LOWEST     57           500 PM
 AVERAGE    74

..........................................................


THE LOUISVILLE BOWMAN KY CLIMATE NORMALS FOR TODAY
                         NORMAL
 MAXIMUM TEMPERATURE (F)   68
 MINIMUM TEMPERATURE (F)   48


SUNRISE AND SUNSET
APRIL 17 2015.........SUNRISE   705 AM EDT   SUNSET   821 PM EDT
APRIL 18 2015.........SUNRISE   703 AM EDT   SUNSET   821 PM EDT


-  INDICATES NEGATIVE NUMBERS.
R  INDICATES RECORD WAS SET OR TIED.
MM INDICATES DATA IS MISSING.
T  INDICATES TRACE AMOUNT.




$$
