000
CDUS43 KLMK 012031
CLILOU


CLIMATE REPORT
NATIONAL WEATHER SERVICE LOUISVILLE KY
430 PM EDT FRI MAY 1 2015


...................................

...THE LOUISVILLE BOWMAN KY CLIMATE SUMMARY FOR MAY 1 2015...
VALID TODAY AS OF 0400 PM LOCAL TIME.

CLIMATE NORMAL PERIOD 1981 TO 2010
CLIMATE RECORD PERIOD 9999 TO 9999


WEATHER ITEM   OBSERVED TIME   RECORD YEAR NORMAL DEPARTURE LAST
                VALUE   (LST)  VALUE       VALUE  FROM      YEAR
                                                  NORMAL
..................................................................
TEMPERATURE (F)
 TODAY
  MAXIMUM         71    312 PM  MM      MM  72     -1       64
  MINIMUM         43    625 AM  MM      MM  52     -9       48
  AVERAGE         57                        62     -5       56

PRECIPITATION (IN)
  TODAY            0.00         MM      MM   0.19  -0.19      T
  MONTH TO DATE    0.00                      0.19  -0.19      T
  SINCE MAR 1     16.57                      8.43   8.14     9.64
  SINCE JAN 1     19.35                     14.99   4.36    15.41

SNOWFALL (IN)
  TODAY           MM            MM      MM  MM     MM       MM
  MONTH TO DATE   MM                        MM     MM       MM
  SINCE MAR 1     MM                        MM     MM       MM
  SINCE JUL 1     MM                        MM     MM       MM
  SNOW DEPTH      MM

DEGREE DAYS
 HEATING
  TODAY            8                         5      3        9
  MONTH TO DATE    8                         5      3        9
  SINCE MAR 1    802                       835    -33      841
  SINCE JUL 1   4586                      4196    390     4650

 COOLING
  TODAY            0                         1     -1        0
  MONTH TO DATE    0                         1     -1        0
  SINCE MAR 1     21                        35    -14       34
  SINCE JAN 1     21                        35    -14       34
..................................................................


WIND (MPH)
  HIGHEST WIND SPEED    13   HIGHEST WIND DIRECTION    NW (320)
  HIGHEST GUST SPEED    17   HIGHEST GUST DIRECTION    NW (310)
  AVERAGE WIND SPEED     6.9


SKY COVER
  POSSIBLE SUNSHINE  MM
  AVERAGE SKY COVER 0.0


WEATHER CONDITIONS
 THE FOLLOWING WEATHER WAS RECORDED TODAY.
  NO SIGNIFICANT WEATHER WAS OBSERVED.


RELATIVE HUMIDITY (PERCENT)
 HIGHEST    71           200 AM
 LOWEST     37           300 PM
 AVERAGE    54

..........................................................




SUNRISE AND SUNSET
MAY  1 2015...........SUNRISE   646 AM EDT   SUNSET   834 PM EDT
MAY  2 2015...........SUNRISE   645 AM EDT   SUNSET   835 PM EDT


-  INDICATES NEGATIVE NUMBERS.
R  INDICATES RECORD WAS SET OR TIED.
MM INDICATES DATA IS MISSING.
T  INDICATES TRACE AMOUNT.




$$
