000
CDUS43 KLMK 252030
CLILOU


CLIMATE REPORT
NATIONAL WEATHER SERVICE LOUISVILLE KY
429 PM EDT SAT APR 25 2015


...................................

...THE LOUISVILLE BOWMAN KY CLIMATE SUMMARY FOR APRIL 25 2015...
VALID TODAY AS OF 0400 PM LOCAL TIME.

CLIMATE NORMAL PERIOD 1981 TO 2010
CLIMATE RECORD PERIOD 9999 TO 9999


WEATHER ITEM   OBSERVED TIME   RECORD YEAR NORMAL DEPARTURE LAST
                VALUE   (LST)  VALUE       VALUE  FROM      YEAR
                                                  NORMAL
..................................................................
TEMPERATURE (F)
 TODAY
  MAXIMUM         61    328 PM  MM      MM  70     -9       73
  MINIMUM         50    907 AM  MM      MM  50      0       55
  AVERAGE         56                        60     -4       64

PRECIPITATION (IN)
  TODAY            0.19         MM      MM   0.16   0.03     0.10
  MONTH TO DATE    9.71                      3.24   6.47     4.85
  SINCE MAR 1     16.45                      7.40   9.05     7.03
  SINCE JAN 1     19.23                     13.96   5.27    12.80

SNOWFALL (IN)
  TODAY           MM            MM      MM  MM     MM       MM
  MONTH TO DATE   MM                        MM     MM       MM
  SINCE MAR 1     MM                        MM     MM       MM
  SINCE JUL 1     MM                        MM     MM       MM
  SNOW DEPTH      MM

DEGREE DAYS
 HEATING
  TODAY            9                         6      3        1
  MONTH TO DATE  150                       242    -92      152
  SINCE MAR 1    742                       804    -62      829
  SINCE JUL 1   4526                      4165    361     4638

 COOLING
  TODAY            0                         1     -1        0
  MONTH TO DATE   21                        25     -4       23
  SINCE MAR 1     21                        29     -8       23
  SINCE JAN 1     21                        29     -8       23
..................................................................


WIND (MPH)
  HIGHEST WIND SPEED     7   HIGHEST WIND DIRECTION    SE (120)
  HIGHEST GUST SPEED    16   HIGHEST GUST DIRECTION    SE (120)
  AVERAGE WIND SPEED     5.2


SKY COVER
  POSSIBLE SUNSHINE  MM
  AVERAGE SKY COVER 0.9


WEATHER CONDITIONS
 THE FOLLOWING WEATHER WAS RECORDED TODAY.
  RAIN
  LIGHT RAIN
  FOG


RELATIVE HUMIDITY (PERCENT)
 HIGHEST    96          1000 AM
 LOWEST     51           200 AM
 AVERAGE    74

..........................................................




SUNRISE AND SUNSET
APRIL 25 2015.........SUNRISE   654 AM EDT   SUNSET   828 PM EDT
APRIL 26 2015.........SUNRISE   653 AM EDT   SUNSET   829 PM EDT


-  INDICATES NEGATIVE NUMBERS.
R  INDICATES RECORD WAS SET OR TIED.
MM INDICATES DATA IS MISSING.
T  INDICATES TRACE AMOUNT.




$$
