000
CDUS43 KLMK 142028
CLILOU


CLIMATE REPORT
NATIONAL WEATHER SERVICE LOUISVILLE KY
428 PM EDT TUE APR 14 2015


...................................

...THE LOUISVILLE BOWMAN KY CLIMATE SUMMARY FOR APRIL 14 2015...
VALID TODAY AS OF 0400 PM LOCAL TIME.

CLIMATE NORMAL PERIOD 1981 TO 2010
CLIMATE RECORD PERIOD 9999 TO 9999


WEATHER ITEM   OBSERVED TIME   RECORD YEAR NORMAL DEPARTURE LAST
                VALUE   (LST)  VALUE       VALUE  FROM      YEAR
                                                  NORMAL
..................................................................
TEMPERATURE (F)
 TODAY
  MAXIMUM         64    300 PM  MM      MM  67     -3       77
  MINIMUM         52   1100 AM  MM      MM  47      5       42
  AVERAGE         58                        57      1       60

PRECIPITATION (IN)
  TODAY            0.25         MM      MM   0.12   0.13     0.75
  MONTH TO DATE    8.55                      1.65   6.90     4.56
  SINCE MAR 1     15.29                      5.81   9.48     6.74
  SINCE JAN 1     18.07                     12.37   5.70    12.51

SNOWFALL (IN)
  TODAY           MM            MM      MM  MM     MM       MM
  MONTH TO DATE    0.0                      MM     MM       MM
  SINCE MAR 1      0.0                      MM     MM       MM
  SINCE JUL 1      0.0                      MM     MM       MM
  SNOW DEPTH      MM

DEGREE DAYS
 HEATING
  TODAY            7                         9     -2        5
  MONTH TO DATE   73                       159    -86       82
  SINCE MAR 1    665                       721    -56      759
  SINCE JUL 1   4449                      4082    367     4568

 COOLING
  TODAY            0                         1     -1        0
  MONTH TO DATE   15                        14      1       21
  SINCE MAR 1     15                        18     -3       21
  SINCE JAN 1     15                        18     -3       21
..................................................................


WIND (MPH)
  HIGHEST WIND SPEED    14   HIGHEST WIND DIRECTION    NE (40)
  HIGHEST GUST SPEED    25   HIGHEST GUST DIRECTION    NE (60)
  AVERAGE WIND SPEED    10.0


SKY COVER
  POSSIBLE SUNSHINE  MM
  AVERAGE SKY COVER 0.8


WEATHER CONDITIONS
 THE FOLLOWING WEATHER WAS RECORDED TODAY.
  LIGHT RAIN


RELATIVE HUMIDITY (PERCENT)
 HIGHEST    83          1100 AM
 LOWEST     40           300 PM
 AVERAGE    62

..........................................................




SUNRISE AND SUNSET
APRIL 14 2015.........SUNRISE   709 AM EDT   SUNSET   818 PM EDT
APRIL 15 2015.........SUNRISE   707 AM EDT   SUNSET   819 PM EDT


-  INDICATES NEGATIVE NUMBERS.
R  INDICATES RECORD WAS SET OR TIED.
MM INDICATES DATA IS MISSING.
T  INDICATES TRACE AMOUNT.




$$
