000
CDUS43 KLMK 230633
CLILOU


CLIMATE REPORT
NATIONAL WEATHER SERVICE LOUISVILLE KY
232 AM EDT THU APR 23 2015


...................................

...THE LOUISVILLE BOWMAN KY CLIMATE SUMMARY FOR APRIL 22 2015...

CLIMATE NORMAL PERIOD 1981 TO 2010
CLIMATE RECORD PERIOD 9999 TO 9999


WEATHER ITEM   OBSERVED TIME   RECORD YEAR NORMAL DEPARTURE LAST
                VALUE   (LST)  VALUE       VALUE  FROM      YEAR
                                                  NORMAL
..................................................................
TEMPERATURE (F)
 YESTERDAY
  MAXIMUM         61    219 PM  MM      MM  69     -8       76
  MINIMUM         45   1148 PM  MM      MM  49     -4       53
  AVERAGE         53                        59     -6       65

PRECIPITATION (IN)
  YESTERDAY        0.03         MM      MM   0.14  -0.11     0.01
  MONTH TO DATE    9.52                      2.75   6.77     4.75
  SINCE MAR 1     16.26                      6.91   9.35     6.93
  SINCE JAN 1     19.04                     13.47   5.57    12.70

SNOWFALL (IN)
  YESTERDAY       MM            MM      MM  MM     MM       MM
  MONTH TO DATE   MM                        MM     MM       MM
  SINCE MAR 1     MM                        MM     MM       MM
  SINCE JUL 1     MM                        MM     MM       MM
  SNOW DEPTH      MM

DEGREE DAYS
 HEATING
  YESTERDAY       12                         7      5        0
  MONTH TO DATE  110                       223   -113      142
  SINCE MAR 1    702                       785    -83      819
  SINCE JUL 1   4486                      4146    340     4628

 COOLING
  YESTERDAY        0                         1     -1        0
  MONTH TO DATE   21                        22     -1       23
  SINCE MAR 1     21                        26     -5       23
  SINCE JAN 1     21                        26     -5       23
..................................................................


WIND (MPH)
  HIGHEST WIND SPEED    25   HIGHEST WIND DIRECTION     W (250)
  HIGHEST GUST SPEED    33   HIGHEST GUST DIRECTION    NW (310)
  AVERAGE WIND SPEED    11.9


SKY COVER
  POSSIBLE SUNSHINE  MM
  AVERAGE SKY COVER 0.3


WEATHER CONDITIONS
 THE FOLLOWING WEATHER WAS RECORDED YESTERDAY.
  LIGHT RAIN


RELATIVE HUMIDITY (PERCENT)
 HIGHEST    80           900 AM
 LOWEST     22           300 PM
 AVERAGE    51

..........................................................


THE LOUISVILLE BOWMAN KY CLIMATE NORMALS FOR TODAY
                         NORMAL
 MAXIMUM TEMPERATURE (F)   70
 MINIMUM TEMPERATURE (F)   49


SUNRISE AND SUNSET
APRIL 23 2015.........SUNRISE   656 AM EDT   SUNSET   826 PM EDT
APRIL 24 2015.........SUNRISE   655 AM EDT   SUNSET   827 PM EDT


-  INDICATES NEGATIVE NUMBERS.
R  INDICATES RECORD WAS SET OR TIED.
MM INDICATES DATA IS MISSING.
T  INDICATES TRACE AMOUNT.




$$
