000
CDUS43 KLMK 282028
CLILOU


CLIMATE REPORT
NATIONAL WEATHER SERVICE LOUISVILLE KY
428 PM EDT TUE APR 28 2015


...................................

...THE LOUISVILLE BOWMAN KY CLIMATE SUMMARY FOR APRIL 28 2015...
VALID TODAY AS OF 0400 PM LOCAL TIME.

CLIMATE NORMAL PERIOD 1981 TO 2010
CLIMATE RECORD PERIOD 9999 TO 9999


WEATHER ITEM   OBSERVED TIME   RECORD YEAR NORMAL DEPARTURE LAST
                VALUE   (LST)  VALUE       VALUE  FROM      YEAR
                                                  NORMAL
..................................................................
TEMPERATURE (F)
 TODAY
  MAXIMUM         63    300 PM  MM      MM  71     -8       71
  MINIMUM         43    733 AM  MM      MM  51     -8       65
  AVERAGE         53                        61     -8       68

PRECIPITATION (IN)
  TODAY            0.00         MM      MM   0.16  -0.16     1.84
  MONTH TO DATE    9.83                      3.74   6.09     7.20
  SINCE MAR 1     16.57                      7.90   8.67     9.38
  SINCE JAN 1     19.35                     14.46   4.89    15.15

SNOWFALL (IN)
  TODAY           MM            MM      MM  MM     MM       MM
  MONTH TO DATE   MM                        MM     MM       MM
  SINCE MAR 1     MM                        MM     MM       MM
  SINCE JUL 1     MM                        MM     MM       MM
  SNOW DEPTH      MM

DEGREE DAYS
 HEATING
  TODAY           12                         5      7        0
  MONTH TO DATE  186                       259    -73      152
  SINCE MAR 1    778                       821    -43      829
  SINCE JUL 1   4562                      4182    380     4638

 COOLING
  TODAY            0                         1     -1        3
  MONTH TO DATE   21                        28     -7       32
  SINCE MAR 1     21                        32    -11       32
  SINCE JAN 1     21                        32    -11       32
..................................................................


WIND (MPH)
  HIGHEST WIND SPEED    12   HIGHEST WIND DIRECTION     E (100)
  HIGHEST GUST SPEED    17   HIGHEST GUST DIRECTION    NE (60)
  AVERAGE WIND SPEED     6.8


SKY COVER
  POSSIBLE SUNSHINE  MM
  AVERAGE SKY COVER 0.0


WEATHER CONDITIONS
 THE FOLLOWING WEATHER WAS RECORDED TODAY.
  NO SIGNIFICANT WEATHER WAS OBSERVED.


RELATIVE HUMIDITY (PERCENT)
 HIGHEST    82           500 AM
 LOWEST     39           200 PM
 AVERAGE    61

..........................................................




SUNRISE AND SUNSET
APRIL 28 2015.........SUNRISE   650 AM EDT   SUNSET   831 PM EDT
APRIL 29 2015.........SUNRISE   649 AM EDT   SUNSET   832 PM EDT


-  INDICATES NEGATIVE NUMBERS.
R  INDICATES RECORD WAS SET OR TIED.
MM INDICATES DATA IS MISSING.
T  INDICATES TRACE AMOUNT.




$$
