000
CDUS43 KLMK 280632
CLILOU


CLIMATE REPORT
NATIONAL WEATHER SERVICE LOUISVILLE KY
231 AM EDT TUE APR 28 2015


...................................

...THE LOUISVILLE BOWMAN KY CLIMATE SUMMARY FOR APRIL 27 2015...

CLIMATE NORMAL PERIOD 1981 TO 2010
CLIMATE RECORD PERIOD 9999 TO 9999


WEATHER ITEM   OBSERVED TIME   RECORD YEAR NORMAL DEPARTURE LAST
                VALUE   (LST)  VALUE       VALUE  FROM      YEAR
                                                  NORMAL
..................................................................
TEMPERATURE (F)
 YESTERDAY
  MAXIMUM         66    428 PM  MM      MM  71     -5       84
  MINIMUM         39    540 AM  MM      MM  51    -12       57
  AVERAGE         53                        61     -8       71

PRECIPITATION (IN)
  YESTERDAY        0.00         MM      MM   0.17  -0.17     0.51
  MONTH TO DATE    9.83                      3.58   6.25     5.36
  SINCE MAR 1     16.57                      7.74   8.83     7.54
  SINCE JAN 1     19.35                     14.30   5.05    13.31

SNOWFALL (IN)
  YESTERDAY       MM            MM      MM  MM     MM       MM
  MONTH TO DATE   MM                        MM     MM       MM
  SINCE MAR 1     MM                        MM     MM       MM
  SINCE JUL 1     MM                        MM     MM       MM
  SNOW DEPTH      MM

DEGREE DAYS
 HEATING
  YESTERDAY       12                         6      6        0
  MONTH TO DATE  174                       254    -80      152
  SINCE MAR 1    766                       816    -50      829
  SINCE JUL 1   4550                      4177    373     4638

 COOLING
  YESTERDAY        0                         1     -1        6
  MONTH TO DATE   21                        27     -6       29
  SINCE MAR 1     21                        31    -10       29
  SINCE JAN 1     21                        31    -10       29
..................................................................


WIND (MPH)
  HIGHEST WIND SPEED    15   HIGHEST WIND DIRECTION     N (340)
  HIGHEST GUST SPEED    20   HIGHEST GUST DIRECTION     N (350)
  AVERAGE WIND SPEED     5.7


SKY COVER
  POSSIBLE SUNSHINE  MM
  AVERAGE SKY COVER 0.0


WEATHER CONDITIONS
 THE FOLLOWING WEATHER WAS RECORDED YESTERDAY.
  NO SIGNIFICANT WEATHER WAS OBSERVED.


RELATIVE HUMIDITY (PERCENT)
 HIGHEST    85           600 AM
 LOWEST     31           200 PM
 AVERAGE    58

..........................................................


THE LOUISVILLE BOWMAN KY CLIMATE NORMALS FOR TODAY
                         NORMAL
 MAXIMUM TEMPERATURE (F)   71
 MINIMUM TEMPERATURE (F)   51


SUNRISE AND SUNSET
APRIL 28 2015.........SUNRISE   650 AM EDT   SUNSET   831 PM EDT
APRIL 29 2015.........SUNRISE   649 AM EDT   SUNSET   832 PM EDT


-  INDICATES NEGATIVE NUMBERS.
R  INDICATES RECORD WAS SET OR TIED.
MM INDICATES DATA IS MISSING.
T  INDICATES TRACE AMOUNT.




$$
