000
CDUS43 KLMK 100629
CLILOU


CLIMATE REPORT
NATIONAL WEATHER SERVICE LOUISVILLE KY
229 AM EDT FRI APR 10 2015


...................................

...THE LOUISVILLE BOWMAN KY CLIMATE SUMMARY FOR APRIL 9 2015...

CLIMATE NORMAL PERIOD 1981 TO 2010
CLIMATE RECORD PERIOD 9999 TO 9999


WEATHER ITEM   OBSERVED TIME   RECORD YEAR NORMAL DEPARTURE LAST
                VALUE   (LST)  VALUE       VALUE  FROM      YEAR
                                                  NORMAL
..................................................................
TEMPERATURE (F)
 YESTERDAY
  MAXIMUM         82    419 PM  MM      MM  65     17       67
  MINIMUM         64    119 AM  MM      MM  45     19       41
  AVERAGE         73                        55     18       54

PRECIPITATION (IN)
  YESTERDAY        0.31         MM      MM   0.12   0.19     0.00
  MONTH TO DATE    7.81                      1.04   6.77     3.81
  SINCE MAR 1     14.55                      5.20   9.35     5.99
  SINCE JAN 1     17.33                     11.76   5.57    11.76

SNOWFALL (IN)
  YESTERDAY        0.0          MM      MM  MM     MM       MM
  MONTH TO DATE    0.0                      MM     MM       MM
  SINCE MAR 1      0.0                      MM     MM       MM
  SINCE JUL 1      0.0                      MM     MM       MM
  SNOW DEPTH      MM

DEGREE DAYS
 HEATING
  YESTERDAY        0                        11    -11       11
  MONTH TO DATE   52                       109    -57       75
  SINCE MAR 1    644                       671    -27      752
  SINCE JUL 1   4428                      4032    396     4561

 COOLING
  YESTERDAY        8                         1      7        0
  MONTH TO DATE   12                         9      3        4
  SINCE MAR 1     12                        13     -1        4
  SINCE JAN 1     12                        13     -1        4
..................................................................


WIND (MPH)
  HIGHEST WIND SPEED    24   HIGHEST WIND DIRECTION    SW (210)
  HIGHEST GUST SPEED    34   HIGHEST GUST DIRECTION     S (200)
  AVERAGE WIND SPEED     9.8


SKY COVER
  POSSIBLE SUNSHINE  MM
  AVERAGE SKY COVER 0.3


WEATHER CONDITIONS
 THE FOLLOWING WEATHER WAS RECORDED YESTERDAY.
  THUNDERSTORM
  LIGHT RAIN
  FOG


RELATIVE HUMIDITY (PERCENT)
 HIGHEST    93           200 AM
 LOWEST     45           400 PM
 AVERAGE    69

..........................................................


THE LOUISVILLE BOWMAN KY CLIMATE NORMALS FOR TODAY
                         NORMAL
 MAXIMUM TEMPERATURE (F)   65
 MINIMUM TEMPERATURE (F)   45


SUNRISE AND SUNSET
APRIL 10 2015.........SUNRISE   715 AM EDT   SUNSET   814 PM EDT
APRIL 11 2015.........SUNRISE   713 AM EDT   SUNSET   815 PM EDT


-  INDICATES NEGATIVE NUMBERS.
R  INDICATES RECORD WAS SET OR TIED.
MM INDICATES DATA IS MISSING.
T  INDICATES TRACE AMOUNT.




$$
