000
CDUS43 KLMK 160626
CLILOU


CLIMATE REPORT
NATIONAL WEATHER SERVICE LOUISVILLE KY
226 AM EDT THU APR 16 2015


...................................

...THE LOUISVILLE BOWMAN KY CLIMATE SUMMARY FOR APRIL 15 2015...

CLIMATE NORMAL PERIOD 1981 TO 2010
CLIMATE RECORD PERIOD 9999 TO 9999


WEATHER ITEM   OBSERVED TIME   RECORD YEAR NORMAL DEPARTURE LAST
                VALUE   (LST)  VALUE       VALUE  FROM      YEAR
                                                  NORMAL
..................................................................
TEMPERATURE (F)
 YESTERDAY
  MAXIMUM         61   1039 PM  MM      MM  67     -6       48
  MINIMUM         56    759 AM  MM      MM  47      9       36
  AVERAGE         59                        57      2       42

PRECIPITATION (IN)
  YESTERDAY        T            MM      MM   0.13  -0.13     0.18
  MONTH TO DATE    8.55                      1.78   6.77     4.74
  SINCE MAR 1     15.29                      5.94   9.35     6.92
  SINCE JAN 1     18.07                     12.50   5.57    12.69

SNOWFALL (IN)
  YESTERDAY       MM            MM      MM  MM     MM       MM
  MONTH TO DATE   MM                        MM     MM       MM
  SINCE MAR 1     MM                        MM     MM       MM
  SINCE JUL 1     MM                        MM     MM       MM
  SNOW DEPTH      MM

DEGREE DAYS
 HEATING
  YESTERDAY        6                         9     -3       23
  MONTH TO DATE   78                       168    -90      105
  SINCE MAR 1    670                       730    -60      782
  SINCE JUL 1   4454                      4091    363     4591

 COOLING
  YESTERDAY        0                         1     -1        0
  MONTH TO DATE   15                        15      0       21
  SINCE MAR 1     15                        19     -4       21
  SINCE JAN 1     15                        19     -4       21
..................................................................


WIND (MPH)
  HIGHEST WIND SPEED    15   HIGHEST WIND DIRECTION     E (80)
  HIGHEST GUST SPEED    23   HIGHEST GUST DIRECTION    NE (60)
  AVERAGE WIND SPEED     8.8


SKY COVER
  POSSIBLE SUNSHINE  MM
  AVERAGE SKY COVER 1.0


WEATHER CONDITIONS
 THE FOLLOWING WEATHER WAS RECORDED YESTERDAY.
  LIGHT RAIN


RELATIVE HUMIDITY (PERCENT)
 HIGHEST    80          1100 PM
 LOWEST     40           100 AM
 AVERAGE    60

..........................................................


THE LOUISVILLE BOWMAN KY CLIMATE NORMALS FOR TODAY
                         NORMAL
 MAXIMUM TEMPERATURE (F)   67
 MINIMUM TEMPERATURE (F)   47


SUNRISE AND SUNSET
APRIL 16 2015.........SUNRISE   706 AM EDT   SUNSET   820 PM EDT
APRIL 17 2015.........SUNRISE   705 AM EDT   SUNSET   821 PM EDT


-  INDICATES NEGATIVE NUMBERS.
R  INDICATES RECORD WAS SET OR TIED.
MM INDICATES DATA IS MISSING.
T  INDICATES TRACE AMOUNT.




$$
