000
CDUS43 KLMK 250628
CLILOU


CLIMATE REPORT
NATIONAL WEATHER SERVICE LOUISVILLE KY
226 AM EDT SAT APR 25 2015


...................................

...THE LOUISVILLE BOWMAN KY CLIMATE SUMMARY FOR APRIL 24 2015...

CLIMATE NORMAL PERIOD 1981 TO 2010
CLIMATE RECORD PERIOD 9999 TO 9999


WEATHER ITEM   OBSERVED TIME   RECORD YEAR NORMAL DEPARTURE LAST
                VALUE   (LST)  VALUE       VALUE  FROM      YEAR
                                                  NORMAL
..................................................................
TEMPERATURE (F)
 YESTERDAY
  MAXIMUM         64    505 PM  MM      MM  70     -6       76
  MINIMUM         33    239 AM  MM      MM  50    -17       53
  AVERAGE         49                        60    -11       65

PRECIPITATION (IN)
  YESTERDAY        T            MM      MM   0.17  -0.17      T
  MONTH TO DATE    9.52                      3.08   6.44     4.75
  SINCE MAR 1     16.26                      7.24   9.02     6.93
  SINCE JAN 1     19.04                     13.80   5.24    12.70

SNOWFALL (IN)
  YESTERDAY       MM            MM      MM  MM     MM       MM
  MONTH TO DATE   MM                        MM     MM       MM
  SINCE MAR 1     MM                        MM     MM       MM
  SINCE JUL 1     MM                        MM     MM       MM
  SNOW DEPTH      MM

DEGREE DAYS
 HEATING
  YESTERDAY       16                         6     10        0
  MONTH TO DATE  141                       236    -95      151
  SINCE MAR 1    733                       798    -65      828
  SINCE JUL 1   4517                      4159    358     4637

 COOLING
  YESTERDAY        0                         1     -1        0
  MONTH TO DATE   21                        24     -3       23
  SINCE MAR 1     21                        28     -7       23
  SINCE JAN 1     21                        28     -7       23
..................................................................


WIND (MPH)
  HIGHEST WIND SPEED    12   HIGHEST WIND DIRECTION    SE (140)
  HIGHEST GUST SPEED    15   HIGHEST GUST DIRECTION    SE (150)
  AVERAGE WIND SPEED     3.1


SKY COVER
  POSSIBLE SUNSHINE  MM
  AVERAGE SKY COVER 0.3


WEATHER CONDITIONS
 THE FOLLOWING WEATHER WAS RECORDED YESTERDAY.
  LIGHT RAIN


RELATIVE HUMIDITY (PERCENT)
 HIGHEST    82           500 AM
 LOWEST     21           200 PM
 AVERAGE    52

..........................................................


THE LOUISVILLE BOWMAN KY CLIMATE NORMALS FOR TODAY
                         NORMAL
 MAXIMUM TEMPERATURE (F)   70
 MINIMUM TEMPERATURE (F)   50


SUNRISE AND SUNSET
APRIL 25 2015.........SUNRISE   654 AM EDT   SUNSET   828 PM EDT
APRIL 26 2015.........SUNRISE   653 AM EDT   SUNSET   829 PM EDT


-  INDICATES NEGATIVE NUMBERS.
R  INDICATES RECORD WAS SET OR TIED.
MM INDICATES DATA IS MISSING.
T  INDICATES TRACE AMOUNT.




$$
