000
CDUS43 KLMK 020631
CLISDF


CLIMATE REPORT
NATIONAL WEATHER SERVICE LOUISVILLE KY
231 AM EDT SAT MAY 2 2015


...................................

...THE LOUISVILLE KY CLIMATE SUMMARY FOR MAY 1 2015...

CLIMATE NORMAL PERIOD 1981 TO 2010
CLIMATE RECORD PERIOD 1871 TO 2015


WEATHER ITEM   OBSERVED TIME   RECORD YEAR NORMAL DEPARTURE LAST
                VALUE   (LST)  VALUE       VALUE  FROM      YEAR
                                                  NORMAL
..................................................................
TEMPERATURE (F)
 YESTERDAY
  MAXIMUM         73    530 PM  92    1951  73      0       63
  MINIMUM         45    636 AM  31    1963  52     -7       47
  AVERAGE         59                        63     -4       55

PRECIPITATION (IN)
  YESTERDAY        0.00          2.34 1983   0.17  -0.17     0.00
  MONTH TO DATE    0.00                      0.17  -0.17     0.00
  SINCE MAR 1     18.64                      8.35  10.29     9.31
  SINCE JAN 1     21.74                     14.77   6.97    15.47

SNOWFALL (IN)
  YESTERDAY        0.0           T    1909   0.0    0.0      0.0
  MONTH TO DATE    0.0                       0.0    0.0      0.0
  SINCE MAR 1     11.9                       1.5   10.4      4.2
  SINCE JUL 1     27.6                      12.5   15.1     26.0
  SNOW DEPTH       0

DEGREE DAYS
 HEATING
  YESTERDAY        6                         4      2       10
  MONTH TO DATE    6                         4      2       10
  SINCE MAR 1    749                       788    -39      834
  SINCE JUL 1   4369                      4029    340     4488

 COOLING
  YESTERDAY        0                         2     -2        0
  MONTH TO DATE    0                         2     -2        0
  SINCE MAR 1     42                        45     -3       31
  SINCE JAN 1     42                        45     -3       31
..................................................................


WIND (MPH)
  HIGHEST WIND SPEED    16   HIGHEST WIND DIRECTION     N (350)
  HIGHEST GUST SPEED    24   HIGHEST GUST DIRECTION     N (10)
  AVERAGE WIND SPEED     6.1


SKY COVER
  POSSIBLE SUNSHINE  MM
  AVERAGE SKY COVER 0.2


WEATHER CONDITIONS
 THE FOLLOWING WEATHER WAS RECORDED YESTERDAY.
  NO SIGNIFICANT WEATHER WAS OBSERVED.


RELATIVE HUMIDITY (PERCENT)
 HIGHEST    76           600 AM
 LOWEST     35           400 PM
 AVERAGE    56

..........................................................


THE LOUISVILLE KY CLIMATE NORMALS FOR TODAY
                         NORMAL    RECORD    YEAR
 MAXIMUM TEMPERATURE (F)   74        94      1959
 MINIMUM TEMPERATURE (F)   53        32      1963


SUNRISE AND SUNSET
MAY  2 2015...........SUNRISE   646 AM EDT   SUNSET   835 PM EDT
MAY  3 2015...........SUNRISE   644 AM EDT   SUNSET   836 PM EDT


-  INDICATES NEGATIVE NUMBERS.
R  INDICATES RECORD WAS SET OR TIED.
MM INDICATES DATA IS MISSING.
T  INDICATES TRACE AMOUNT.




$$
