000
CDUS43 KLMK 010637
CLISDF


CLIMATE REPORT
NATIONAL WEATHER SERVICE LOUISVILLE KY
235 AM EDT FRI MAY 1 2015


...................................

...THE LOUISVILLE KY CLIMATE SUMMARY FOR APRIL 30 2015...

CLIMATE NORMAL PERIOD 1981 TO 2010
CLIMATE RECORD PERIOD 1871 TO 2015


WEATHER ITEM   OBSERVED TIME   RECORD YEAR NORMAL DEPARTURE LAST
                VALUE   (LST)  VALUE       VALUE  FROM      YEAR
                                                  NORMAL
..................................................................
TEMPERATURE (F)
 YESTERDAY
  MAXIMUM         66    224 PM  91    1894  73     -7       71
  MINIMUM         47   1034 PM  33    1908  52     -5       51
  AVERAGE         57                        63     -6       61

PRECIPITATION (IN)
  YESTERDAY        0.01          2.37 1983   0.15  -0.14     0.08
  MONTH TO DATE   10.84                      4.01   6.83     7.01
  SINCE MAR 1     18.64                      8.18  10.46     9.31
  SINCE JAN 1     21.74                     14.60   7.14    15.47

SNOWFALL (IN)
  YESTERDAY        0.0           0.4  1908   0.0    0.0      0.0
  MONTH TO DATE    0.0                       0.1   -0.1      0.1
  SINCE MAR 1     11.9                       1.5   10.4      4.2
  SINCE JUL 1     27.6                      12.5   15.1     26.0
  SNOW DEPTH       0

DEGREE DAYS
 HEATING
  YESTERDAY        8                         4      4        4
  MONTH TO DATE  177                       245    -68      176
  SINCE MAR 1    743                       784    -41      824
  SINCE JUL 1   4363                      4025    338     4478

 COOLING
  YESTERDAY        0                         2     -2        0
  MONTH TO DATE   41                        37      4       31
  SINCE MAR 1     42                        43     -1       31
  SINCE JAN 1     42                        43     -1       31
..................................................................


WIND (MPH)
  HIGHEST WIND SPEED    32   HIGHEST WIND DIRECTION     N (360)
  HIGHEST GUST SPEED    40   HIGHEST GUST DIRECTION     N (360)
  AVERAGE WIND SPEED     8.3


SKY COVER
  POSSIBLE SUNSHINE  MM
  AVERAGE SKY COVER 0.5


WEATHER CONDITIONS
 THE FOLLOWING WEATHER WAS RECORDED YESTERDAY.
  THUNDERSTORM
  LIGHT RAIN


RELATIVE HUMIDITY (PERCENT)
 HIGHEST    77           400 AM
 LOWEST     40           300 PM
 AVERAGE    59

..........................................................


THE LOUISVILLE KY CLIMATE NORMALS FOR TODAY
                         NORMAL    RECORD    YEAR
 MAXIMUM TEMPERATURE (F)   73        92      1951
 MINIMUM TEMPERATURE (F)   52        31      1963


SUNRISE AND SUNSET
MAY  1 2015...........SUNRISE   647 AM EDT   SUNSET   834 PM EDT
MAY  2 2015...........SUNRISE   646 AM EDT   SUNSET   835 PM EDT


-  INDICATES NEGATIVE NUMBERS.
R  INDICATES RECORD WAS SET OR TIED.
MM INDICATES DATA IS MISSING.
T  INDICATES TRACE AMOUNT.




$$
