000
CDUS43 KLMK 300635
CLISDF


CLIMATE REPORT
NATIONAL WEATHER SERVICE LOUISVILLE KY
234 AM EDT THU APR 30 2015


...................................

...THE LOUISVILLE KY CLIMATE SUMMARY FOR APRIL 29 2015...

CLIMATE NORMAL PERIOD 1981 TO 2010
CLIMATE RECORD PERIOD 1871 TO 2015


WEATHER ITEM   OBSERVED TIME   RECORD YEAR NORMAL DEPARTURE LAST
                VALUE   (LST)  VALUE       VALUE  FROM      YEAR
                                                  NORMAL
..................................................................
TEMPERATURE (F)
 YESTERDAY
  MAXIMUM         71    259 PM  89    1899  73     -2       78
  MINIMUM         45    601 AM  35    1979  52     -7       56
                                      1961
  AVERAGE         58                        62     -4       67

PRECIPITATION (IN)
  YESTERDAY        0.00          2.02 1927   0.15  -0.15     0.16
  MONTH TO DATE   10.83                      3.86   6.97     6.93
  SINCE MAR 1     18.63                      8.03  10.60     9.23
  SINCE JAN 1     21.73                     14.45   7.28    15.39

SNOWFALL (IN)
  YESTERDAY        0.0           0.0    MM   0.0    0.0      0.0
  MONTH TO DATE    0.0                       0.1   -0.1      0.1
  SINCE MAR 1     11.9                       1.5   10.4      4.2
  SINCE JUL 1     27.6                      12.5   15.1     26.0
  SNOW DEPTH       0

DEGREE DAYS
 HEATING
  YESTERDAY        7                         5      2        0
  MONTH TO DATE  169                       241    -72      172
  SINCE MAR 1    735                       779    -44      820
  SINCE JUL 1   4355                      4020    335     4474

 COOLING
  YESTERDAY        0                         2     -2        2
  MONTH TO DATE   41                        39      2       31
  SINCE MAR 1     42                        45     -3       31
  SINCE JAN 1     42                        45     -3       31
..................................................................


WIND (MPH)
  HIGHEST WIND SPEED    13   HIGHEST WIND DIRECTION    NW (330)
  HIGHEST GUST SPEED    17   HIGHEST GUST DIRECTION     N (340)
  AVERAGE WIND SPEED     3.8


SKY COVER
  POSSIBLE SUNSHINE  MM
  AVERAGE SKY COVER 0.6


WEATHER CONDITIONS
 THE FOLLOWING WEATHER WAS RECORDED YESTERDAY.
  NO SIGNIFICANT WEATHER WAS OBSERVED.


RELATIVE HUMIDITY (PERCENT)
 HIGHEST    77           700 AM
 LOWEST     34           300 PM
 AVERAGE    56

..........................................................


THE LOUISVILLE KY CLIMATE NORMALS FOR TODAY
                         NORMAL    RECORD    YEAR
 MAXIMUM TEMPERATURE (F)   73        91      1894
 MINIMUM TEMPERATURE (F)   52        33      1908


SUNRISE AND SUNSET
APRIL 30 2015.........SUNRISE   648 AM EDT   SUNSET   833 PM EDT
MAY  1 2015...........SUNRISE   647 AM EDT   SUNSET   834 PM EDT


-  INDICATES NEGATIVE NUMBERS.
R  INDICATES RECORD WAS SET OR TIED.
MM INDICATES DATA IS MISSING.
T  INDICATES TRACE AMOUNT.




$$
