000
CDUS43 KLMK 222031
CLISDF


CLIMATE REPORT
NATIONAL WEATHER SERVICE LOUISVILLE KY
430 PM EDT WED APR 22 2015


...................................

...THE LOUISVILLE KY CLIMATE SUMMARY FOR APRIL 22 2015...
VALID TODAY AS OF 0400 PM LOCAL TIME.

CLIMATE NORMAL PERIOD 1981 TO 2010
CLIMATE RECORD PERIOD 1871 TO 2015


WEATHER ITEM   OBSERVED TIME   RECORD YEAR NORMAL DEPARTURE LAST
                VALUE   (LST)  VALUE       VALUE  FROM      YEAR
                                                  NORMAL
..................................................................
TEMPERATURE (F)
 TODAY
  MAXIMUM         61    256 PM  88    1960  71    -10       75
  MINIMUM         48    738 AM  32    1936  49     -1       52
  AVERAGE         55                        60     -5       64

PRECIPITATION (IN)
  TODAY            0.02          3.08 1887   0.14  -0.12      T
  MONTH TO DATE   10.61                      2.81   7.80     4.62
  SINCE MAR 1     18.41                      6.98  11.43     6.92
  SINCE JAN 1     21.51                     13.40   8.11    13.08

SNOWFALL (IN)
  TODAY            0.0           0.0    MM   0.0    0.0      0.0
  MONTH TO DATE    0.0                       0.1   -0.1      0.1
  SINCE MAR 1     11.9                       1.5   10.4      4.2
  SINCE JUL 1     27.6                      12.5   15.1     26.0
  SNOW DEPTH       0

DEGREE DAYS
 HEATING
  TODAY           10                         6      4        1
  MONTH TO DATE   94                       203   -109      160
  SINCE MAR 1    660                       741    -81      808
  SINCE JUL 1   4280                      3982    298     4462

 COOLING
  TODAY            0                         2     -2        0
  MONTH TO DATE   41                        25     16       24
  SINCE MAR 1     42                        31     11       24
  SINCE JAN 1     42                        31     11       24
..................................................................


WIND (MPH)
  HIGHEST WIND SPEED    30   HIGHEST WIND DIRECTION     W (290)
  HIGHEST GUST SPEED    39   HIGHEST GUST DIRECTION     W (290)
  AVERAGE WIND SPEED    15.0


SKY COVER
  POSSIBLE SUNSHINE  MM
  AVERAGE SKY COVER 0.4


WEATHER CONDITIONS
 THE FOLLOWING WEATHER WAS RECORDED TODAY.
  LIGHT RAIN


RELATIVE HUMIDITY (PERCENT)
 HIGHEST    77           200 AM
 LOWEST     25           200 PM
 AVERAGE    51

..........................................................


THE LOUISVILLE KY CLIMATE NORMALS FOR TOMORROW
                         NORMAL    RECORD    YEAR
 MAXIMUM TEMPERATURE (F)   71        91      1960
 MINIMUM TEMPERATURE (F)   50        28      1986


SUNRISE AND SUNSET
APRIL 22 2015.........SUNRISE   658 AM EDT   SUNSET   825 PM EDT
APRIL 23 2015.........SUNRISE   657 AM EDT   SUNSET   826 PM EDT


-  INDICATES NEGATIVE NUMBERS.
R  INDICATES RECORD WAS SET OR TIED.
MM INDICATES DATA IS MISSING.
T  INDICATES TRACE AMOUNT.




$$
