000
CDUS43 KLMK 282028
CLISDF


CLIMATE REPORT
NATIONAL WEATHER SERVICE LOUISVILLE KY
428 PM EDT TUE APR 28 2015


...................................

...THE LOUISVILLE KY CLIMATE SUMMARY FOR APRIL 28 2015...
VALID TODAY AS OF 0400 PM LOCAL TIME.

CLIMATE NORMAL PERIOD 1981 TO 2010
CLIMATE RECORD PERIOD 1871 TO 2015


WEATHER ITEM   OBSERVED TIME   RECORD YEAR NORMAL DEPARTURE LAST
                VALUE   (LST)  VALUE       VALUE  FROM      YEAR
                                                  NORMAL
..................................................................
TEMPERATURE (F)
 TODAY
  MAXIMUM         66    249 PM  88    1951  73     -7       69
                                      1897
  MINIMUM         44    613 AM  35    1976  51     -7       63
                                      1934
  AVERAGE         55                        62     -7       66

PRECIPITATION (IN)
  TODAY            0.00          2.08 1999   0.15  -0.15     1.75
  MONTH TO DATE   10.83                      3.71   7.12     6.77
  SINCE MAR 1     18.63                      7.88  10.75     9.07
  SINCE JAN 1     21.73                     14.30   7.43    15.23

SNOWFALL (IN)
  TODAY            0.0           T    2012   0.0    0.0      0.0
  MONTH TO DATE    0.0                       0.1   -0.1      0.1
  SINCE MAR 1     11.9                       1.5   10.4      4.2
  SINCE JUL 1     27.6                      12.5   15.1     26.0
  SNOW DEPTH       0

DEGREE DAYS
 HEATING
  TODAY           10                         5      5        0
  MONTH TO DATE  162                       236    -74      172
  SINCE MAR 1    728                       774    -46      820
  SINCE JUL 1   4348                      4015    333     4474

 COOLING
  TODAY            0                         2     -2        1
  MONTH TO DATE   41                        37      4       29
  SINCE MAR 1     42                        43     -1       29
  SINCE JAN 1     42                        43     -1       29
..................................................................


WIND (MPH)
  HIGHEST WIND SPEED    16   HIGHEST WIND DIRECTION    NE (60)
  HIGHEST GUST SPEED    27   HIGHEST GUST DIRECTION     E (80)
  AVERAGE WIND SPEED     7.7


SKY COVER
  POSSIBLE SUNSHINE  MM
  AVERAGE SKY COVER 0.1


WEATHER CONDITIONS
 THE FOLLOWING WEATHER WAS RECORDED TODAY.
  NO SIGNIFICANT WEATHER WAS OBSERVED.


RELATIVE HUMIDITY (PERCENT)
 HIGHEST    76           500 AM
 LOWEST     39           200 PM
 AVERAGE    58

..........................................................


THE LOUISVILLE KY CLIMATE NORMALS FOR TOMORROW
                         NORMAL    RECORD    YEAR
 MAXIMUM TEMPERATURE (F)   73        89      1899
 MINIMUM TEMPERATURE (F)   52        35      1979
                                             1961


SUNRISE AND SUNSET
APRIL 28 2015.........SUNRISE   650 AM EDT   SUNSET   831 PM EDT
APRIL 29 2015.........SUNRISE   649 AM EDT   SUNSET   832 PM EDT


-  INDICATES NEGATIVE NUMBERS.
R  INDICATES RECORD WAS SET OR TIED.
MM INDICATES DATA IS MISSING.
T  INDICATES TRACE AMOUNT.




$$
