000
CDUS43 KLMK 110639
CLISDF


CLIMATE REPORT
NATIONAL WEATHER SERVICE LOUISVILLE KY
239 AM EDT SAT APR 11 2015


...................................

...THE LOUISVILLE KY CLIMATE SUMMARY FOR APRIL 10 2015...

CLIMATE NORMAL PERIOD 1981 TO 2010
CLIMATE RECORD PERIOD 1871 TO 2015


WEATHER ITEM   OBSERVED TIME   RECORD YEAR NORMAL DEPARTURE LAST
                VALUE   (LST)  VALUE       VALUE  FROM      YEAR
                                                  NORMAL
..................................................................
TEMPERATURE (F)
 YESTERDAY
  MAXIMUM         76   1258 AM  90    2011  67      9       79
  MINIMUM         53    830 AM  27    1985  46      7       44
                                      1918
  AVERAGE         65                        56      9       62

PRECIPITATION (IN)
  YESTERDAY        0.12          1.43 1990   0.12   0.00     0.00
  MONTH TO DATE    8.62                      1.24   7.38     3.75
  SINCE MAR 1     16.42                      5.41  11.01     6.05
  SINCE JAN 1     19.52                     11.83   7.69    12.21

SNOWFALL (IN)
  YESTERDAY        0.0           1.3  1973   0.0    0.0      0.0
  MONTH TO DATE    0.0                       0.1   -0.1      0.0
  SINCE MAR 1     11.9                       1.5   10.4      4.1
  SINCE JUL 1     27.6                      12.5   15.1     25.9
  SNOW DEPTH       0

DEGREE DAYS
 HEATING
  YESTERDAY        0                        10    -10        3
  MONTH TO DATE   47                       109    -62       89
  SINCE MAR 1    613                       647    -34      737
  SINCE JUL 1   4233                      3888    345     4391

 COOLING
  YESTERDAY        0                         1     -1        0
  MONTH TO DATE   21                        10     11        3
  SINCE MAR 1     22                        16      6        3
  SINCE JAN 1     22                        16      6        3
..................................................................


WIND (MPH)
  HIGHEST WIND SPEED    29   HIGHEST WIND DIRECTION     W (290)
  HIGHEST GUST SPEED    37   HIGHEST GUST DIRECTION    NW (300)
  AVERAGE WIND SPEED    13.7


SKY COVER
  POSSIBLE SUNSHINE  MM
  AVERAGE SKY COVER 0.7


WEATHER CONDITIONS
 THE FOLLOWING WEATHER WAS RECORDED YESTERDAY.
  THUNDERSTORM
  LIGHT RAIN
  FOG


RELATIVE HUMIDITY (PERCENT)
 HIGHEST    72           600 AM
 LOWEST     34           500 PM
 AVERAGE    53

..........................................................


THE LOUISVILLE KY CLIMATE NORMALS FOR TODAY
                         NORMAL    RECORD    YEAR
 MAXIMUM TEMPERATURE (F)   68        89      1930
 MINIMUM TEMPERATURE (F)   46        27      1989
                                             1961


SUNRISE AND SUNSET
APRIL 11 2015.........SUNRISE   713 AM EDT   SUNSET   815 PM EDT
APRIL 12 2015.........SUNRISE   712 AM EDT   SUNSET   816 PM EDT


-  INDICATES NEGATIVE NUMBERS.
R  INDICATES RECORD WAS SET OR TIED.
MM INDICATES DATA IS MISSING.
T  INDICATES TRACE AMOUNT.




$$
