000
CDUS43 KLMK 150643
CLISDF


CLIMATE REPORT
NATIONAL WEATHER SERVICE LOUISVILLE KY
242 AM EDT WED APR 15 2015


...................................

...THE LOUISVILLE KY CLIMATE SUMMARY FOR APRIL 14 2015...

CLIMATE NORMAL PERIOD 1981 TO 2010
CLIMATE RECORD PERIOD 1871 TO 2015


WEATHER ITEM   OBSERVED TIME   RECORD YEAR NORMAL DEPARTURE LAST
                VALUE   (LST)  VALUE       VALUE  FROM      YEAR
                                                  NORMAL
..................................................................
TEMPERATURE (F)
 YESTERDAY
  MAXIMUM         65    552 PM  89    1883  69     -4       75
  MINIMUM         53   1114 AM  28    1943  47      6       41
  AVERAGE         59                        58      1       58

PRECIPITATION (IN)
  YESTERDAY        0.23          3.01 1922   0.13   0.10     0.69
  MONTH TO DATE    9.49                      1.75   7.74     4.44
  SINCE MAR 1     17.29                      5.92  11.37     6.74
  SINCE JAN 1     20.39                     12.34   8.05    12.90

SNOWFALL (IN)
  YESTERDAY        0.0           0.2  1943   0.0    0.0      0.0
  MONTH TO DATE    0.0                       0.1   -0.1      0.0
  SINCE MAR 1     11.9                       1.5   10.4      4.1
  SINCE JUL 1     27.6                      12.5   15.1     25.9
  SNOW DEPTH       0

DEGREE DAYS
 HEATING
  YESTERDAY        6                         9     -3        7
  MONTH TO DATE   63                       145    -82       96
  SINCE MAR 1    629                       683    -54      744
  SINCE JUL 1   4249                      3924    325     4398

 COOLING
  YESTERDAY        0                         1     -1        0
  MONTH TO DATE   27                        14     13       21
  SINCE MAR 1     28                        20      8       21
  SINCE JAN 1     28                        20      8       21
..................................................................


WIND (MPH)
  HIGHEST WIND SPEED    23   HIGHEST WIND DIRECTION    NE (60)
  HIGHEST GUST SPEED    31   HIGHEST GUST DIRECTION     E (80)
  AVERAGE WIND SPEED    10.5


SKY COVER
  POSSIBLE SUNSHINE  MM
  AVERAGE SKY COVER 1.0


WEATHER CONDITIONS
 THE FOLLOWING WEATHER WAS RECORDED YESTERDAY.
  RAIN
  LIGHT RAIN
  FOG


RELATIVE HUMIDITY (PERCENT)
 HIGHEST    84           100 AM
 LOWEST     37           400 PM
 AVERAGE    61

..........................................................


THE LOUISVILLE KY CLIMATE NORMALS FOR TODAY
                         NORMAL    RECORD    YEAR
 MAXIMUM TEMPERATURE (F)   69        86      2010
                                             2006
 MINIMUM TEMPERATURE (F)   47        30      1928
                                             1907


SUNRISE AND SUNSET
APRIL 15 2015.........SUNRISE   708 AM EDT   SUNSET   819 PM EDT
APRIL 16 2015.........SUNRISE   706 AM EDT   SUNSET   820 PM EDT


-  INDICATES NEGATIVE NUMBERS.
R  INDICATES RECORD WAS SET OR TIED.
MM INDICATES DATA IS MISSING.
T  INDICATES TRACE AMOUNT.




$$
