000
CDUS43 KLMK 100629
CLISDF


CLIMATE REPORT
NATIONAL WEATHER SERVICE LOUISVILLE KY
229 AM EDT FRI APR 10 2015


...................................

...THE LOUISVILLE KY CLIMATE SUMMARY FOR APRIL 9 2015...

CLIMATE NORMAL PERIOD 1981 TO 2010
CLIMATE RECORD PERIOD 1871 TO 2015


WEATHER ITEM   OBSERVED TIME   RECORD YEAR NORMAL DEPARTURE LAST
                VALUE   (LST)  VALUE       VALUE  FROM      YEAR
                                                  NORMAL
..................................................................
TEMPERATURE (F)
 YESTERDAY
  MAXIMUM         84    406 PM  86    1978  67     17       67
  MINIMUM         67   1126 AM  23    1997  45     22       41
  AVERAGE         76                        56     20       54

PRECIPITATION (IN)
  YESTERDAY        0.33          1.38 1894   0.13   0.20     0.00
  MONTH TO DATE    8.50                      1.12   7.38     3.75
  SINCE MAR 1     16.30                      5.29  11.01     6.05
  SINCE JAN 1     19.40                     11.71   7.69    12.21

SNOWFALL (IN)
  YESTERDAY        0.0           0.3  1973   0.0    0.0      0.0
  MONTH TO DATE    0.0                       0.1   -0.1      0.0
  SINCE MAR 1     11.9                       1.5   10.4      4.1
  SINCE JUL 1     27.6                      12.5   15.1     25.9
  SNOW DEPTH       0

DEGREE DAYS
 HEATING
  YESTERDAY        0                        10    -10       11
  MONTH TO DATE   47                        99    -52       86
  SINCE MAR 1    613                       637    -24      734
  SINCE JUL 1   4233                      3878    355     4388

 COOLING
  YESTERDAY       11                         1     10        0
  MONTH TO DATE   21                         9     12        3
  SINCE MAR 1     22                        15      7        3
  SINCE JAN 1     22                        15      7        3
..................................................................


WIND (MPH)
  HIGHEST WIND SPEED    28   HIGHEST WIND DIRECTION     S (200)
  HIGHEST GUST SPEED    36   HIGHEST GUST DIRECTION    SW (240)
  AVERAGE WIND SPEED    14.1


SKY COVER
  POSSIBLE SUNSHINE  MM
  AVERAGE SKY COVER 0.8


WEATHER CONDITIONS
 THE FOLLOWING WEATHER WAS RECORDED YESTERDAY.
  THUNDERSTORM
  HEAVY RAIN
  RAIN
  LIGHT RAIN
  FOG


RELATIVE HUMIDITY (PERCENT)
 HIGHEST    81          1200 AM
 LOWEST     47           400 PM
 AVERAGE    64

..........................................................


THE LOUISVILLE KY CLIMATE NORMALS FOR TODAY
                         NORMAL    RECORD    YEAR
 MAXIMUM TEMPERATURE (F)   67        90      2011
 MINIMUM TEMPERATURE (F)   46        27      1985
                                             1918


SUNRISE AND SUNSET
APRIL 10 2015.........SUNRISE   715 AM EDT   SUNSET   814 PM EDT
APRIL 11 2015.........SUNRISE   713 AM EDT   SUNSET   815 PM EDT


-  INDICATES NEGATIVE NUMBERS.
R  INDICATES RECORD WAS SET OR TIED.
MM INDICATES DATA IS MISSING.
T  INDICATES TRACE AMOUNT.




$$
