000
CDUS43 KLMK 240631
CLISDF


CLIMATE REPORT
NATIONAL WEATHER SERVICE LOUISVILLE KY
230 AM EDT FRI APR 24 2015


...................................

...THE LOUISVILLE KY CLIMATE SUMMARY FOR APRIL 23 2015...

CLIMATE NORMAL PERIOD 1981 TO 2010
CLIMATE RECORD PERIOD 1871 TO 2015


WEATHER ITEM   OBSERVED TIME   RECORD YEAR NORMAL DEPARTURE LAST
                VALUE   (LST)  VALUE       VALUE  FROM      YEAR
                                                  NORMAL
..................................................................
TEMPERATURE (F)
 YESTERDAY
  MAXIMUM         63    422 PM  91    1960  71     -8       65
  MINIMUM         39    626 AM  28    1986  50    -11       45
  AVERAGE         51                        60     -9       55

PRECIPITATION (IN)
  YESTERDAY        0.00          2.79 1970   0.15  -0.15     0.00
  MONTH TO DATE   10.61                      2.96   7.65     4.62
  SINCE MAR 1     18.41                      7.13  11.28     6.92
  SINCE JAN 1     21.51                     13.55   7.96    13.08

SNOWFALL (IN)
  YESTERDAY        0.0           T    1910   0.0    0.0      0.0
  MONTH TO DATE    0.0                       0.1   -0.1      0.1
  SINCE MAR 1     11.9                       1.5   10.4      4.2
  SINCE JUL 1     27.6                      12.5   15.1     26.0
  SNOW DEPTH       0

DEGREE DAYS
 HEATING
  YESTERDAY       14                         6      8       10
  MONTH TO DATE  110                       209    -99      170
  SINCE MAR 1    676                       747    -71      818
  SINCE JUL 1   4296                      3988    308     4472

 COOLING
  YESTERDAY        0                         2     -2        0
  MONTH TO DATE   41                        27     14       24
  SINCE MAR 1     42                        33      9       24
  SINCE JAN 1     42                        33      9       24
..................................................................


WIND (MPH)
  HIGHEST WIND SPEED    25   HIGHEST WIND DIRECTION     W (290)
  HIGHEST GUST SPEED    31   HIGHEST GUST DIRECTION     W (290)
  AVERAGE WIND SPEED    10.7


SKY COVER
  POSSIBLE SUNSHINE  MM
  AVERAGE SKY COVER 0.0


WEATHER CONDITIONS
 THE FOLLOWING WEATHER WAS RECORDED YESTERDAY.
  NO SIGNIFICANT WEATHER WAS OBSERVED.


RELATIVE HUMIDITY (PERCENT)
 HIGHEST    64           600 AM
 LOWEST     17           200 PM
 AVERAGE    41

..........................................................


THE LOUISVILLE KY CLIMATE NORMALS FOR TODAY
                         NORMAL    RECORD    YEAR
 MAXIMUM TEMPERATURE (F)   72        91      1960
                                             1925
 MINIMUM TEMPERATURE (F)   50        33      2005
                                             1927
                                             1919


SUNRISE AND SUNSET
APRIL 24 2015.........SUNRISE   655 AM EDT   SUNSET   827 PM EDT
APRIL 25 2015.........SUNRISE   654 AM EDT   SUNSET   828 PM EDT


-  INDICATES NEGATIVE NUMBERS.
R  INDICATES RECORD WAS SET OR TIED.
MM INDICATES DATA IS MISSING.
T  INDICATES TRACE AMOUNT.

$$

SCHOETTMER
