000
CDUS43 KLMK 260628
CLISDF


CLIMATE REPORT
NATIONAL WEATHER SERVICE LOUISVILLE KY
226 AM EDT SUN APR 26 2015


...................................

...THE LOUISVILLE KY CLIMATE SUMMARY FOR APRIL 25 2015...

CLIMATE NORMAL PERIOD 1981 TO 2010
CLIMATE RECORD PERIOD 1871 TO 2015


WEATHER ITEM   OBSERVED TIME   RECORD YEAR NORMAL DEPARTURE LAST
                VALUE   (LST)  VALUE       VALUE  FROM      YEAR
                                                  NORMAL
..................................................................
TEMPERATURE (F)
 YESTERDAY
  MAXIMUM         63    344 PM  88    1990  72     -9       72
                                      1989
                                      1915
  MINIMUM         47   1129 PM  29    1919  50     -3       57
  AVERAGE         55                        61     -6       65

PRECIPITATION (IN)
  YESTERDAY        0.21          2.11 1880   0.15   0.06     0.18
  MONTH TO DATE   10.82                      3.26   7.56     4.80
  SINCE MAR 1     18.62                      7.43  11.19     7.10
  SINCE JAN 1     21.72                     13.85   7.87    13.26

SNOWFALL (IN)
  YESTERDAY        0.0           0.0    MM   0.0    0.0      0.0
  MONTH TO DATE    0.0                       0.1   -0.1      0.1
  SINCE MAR 1     11.9                       1.5   10.4      4.2
  SINCE JUL 1     27.6                      12.5   15.1     26.0
  SNOW DEPTH       0

DEGREE DAYS
 HEATING
  YESTERDAY       10                         6      4        0
  MONTH TO DATE  133                       221    -88      172
  SINCE MAR 1    699                       759    -60      820
  SINCE JUL 1   4319                      4000    319     4474

 COOLING
  YESTERDAY        0                         2     -2        0
  MONTH TO DATE   41                        31     10       24
  SINCE MAR 1     42                        37      5       24
  SINCE JAN 1     42                        37      5       24
..................................................................


WIND (MPH)
  HIGHEST WIND SPEED    17   HIGHEST WIND DIRECTION    NE (30)
  HIGHEST GUST SPEED    21   HIGHEST GUST DIRECTION    NE (30)
  AVERAGE WIND SPEED     8.5


SKY COVER
  POSSIBLE SUNSHINE  MM
  AVERAGE SKY COVER 0.9


WEATHER CONDITIONS
 THE FOLLOWING WEATHER WAS RECORDED YESTERDAY.
  THUNDERSTORM
  RAIN
  LIGHT RAIN
  FOG


RELATIVE HUMIDITY (PERCENT)
 HIGHEST    96          1000 AM
 LOWEST     55           200 AM
 AVERAGE    76

..........................................................


THE LOUISVILLE KY CLIMATE NORMALS FOR TODAY
                         NORMAL    RECORD    YEAR
 MAXIMUM TEMPERATURE (F)   72        90      1989
 MINIMUM TEMPERATURE (F)   51        35      1947
                                             1873


SUNRISE AND SUNSET
APRIL 26 2015.........SUNRISE   653 AM EDT   SUNSET   829 PM EDT
APRIL 27 2015.........SUNRISE   652 AM EDT   SUNSET   830 PM EDT


-  INDICATES NEGATIVE NUMBERS.
R  INDICATES RECORD WAS SET OR TIED.
MM INDICATES DATA IS MISSING.
T  INDICATES TRACE AMOUNT.




$$
