000
CDUS43 KLMK 310632
CLISDF


CLIMATE REPORT
NATIONAL WEATHER SERVICE LOUISVILLE KY
231 AM EDT TUE MAR 31 2015


...................................

...THE LOUISVILLE KY CLIMATE SUMMARY FOR MARCH 30 2015...

CLIMATE NORMAL PERIOD 1981 TO 2010
CLIMATE RECORD PERIOD 1871 TO 2015


WEATHER ITEM   OBSERVED TIME   RECORD YEAR NORMAL DEPARTURE LAST
                VALUE   (LST)  VALUE       VALUE  FROM      YEAR
                                                  NORMAL
..................................................................
TEMPERATURE (F)
 YESTERDAY
  MAXIMUM         65    434 PM  83    2012  63      2       60
                                      1977
                                      1895
  MINIMUM         44    655 AM  20    1964  42      2       33
                                      1923
  AVERAGE         55                        53      2       47

PRECIPITATION (IN)
  YESTERDAY        0.00          1.58 1938   0.14  -0.14     0.00
  MONTH TO DATE    7.80                      4.03   3.77     2.30
  SINCE MAR 1      7.80                      4.03   3.77     2.30
  SINCE JAN 1     10.90                     10.45   0.45     8.46

SNOWFALL (IN)
  YESTERDAY        0.0          10.0  1887   0.0    0.0      0.0
  MONTH TO DATE   11.9                       1.4   10.5      4.1
  SINCE MAR 1     11.9                       1.4   10.5      4.1
  SINCE JUL 1     27.6                      12.4   15.2     25.9
  SNOW DEPTH       0

DEGREE DAYS
 HEATING
  YESTERDAY       10                        13     -3       18
  MONTH TO DATE  563                       525     38      637
  SINCE MAR 1    563                       525     38      637
  SINCE JUL 1   4183                      3766    417     4291

 COOLING
  YESTERDAY        0                         0      0        0
  MONTH TO DATE    1                         0      1        0
  SINCE MAR 1      1                         0      1        0
  SINCE JAN 1      1                         0      1        0
..................................................................


WIND (MPH)
  HIGHEST WIND SPEED    21   HIGHEST WIND DIRECTION    NW (310)
  HIGHEST GUST SPEED    28   HIGHEST GUST DIRECTION    NW (300)
  AVERAGE WIND SPEED     8.5


SKY COVER
  POSSIBLE SUNSHINE  MM
  AVERAGE SKY COVER 0.3


WEATHER CONDITIONS
 THE FOLLOWING WEATHER WAS RECORDED YESTERDAY.
  HAZE


RELATIVE HUMIDITY (PERCENT)
 HIGHEST    83           700 AM
 LOWEST     23           100 PM
 AVERAGE    53

..........................................................


THE LOUISVILLE KY CLIMATE NORMALS FOR TODAY
                         NORMAL    RECORD    YEAR
 MAXIMUM TEMPERATURE (F)   64        86      1981
 MINIMUM TEMPERATURE (F)   42        18      1923


SUNRISE AND SUNSET
MARCH 31 2015.........SUNRISE   730 AM EDT   SUNSET   805 PM EDT
APRIL  1 2015.........SUNRISE   728 AM EDT   SUNSET   806 PM EDT


-  INDICATES NEGATIVE NUMBERS.
R  INDICATES RECORD WAS SET OR TIED.
MM INDICATES DATA IS MISSING.
T  INDICATES TRACE AMOUNT.




$$
