000
CDUS43 KLMK 250628
CLISDF


CLIMATE REPORT
NATIONAL WEATHER SERVICE LOUISVILLE KY
226 AM EDT SAT APR 25 2015


...................................

...THE LOUISVILLE KY CLIMATE SUMMARY FOR APRIL 24 2015...

CLIMATE NORMAL PERIOD 1981 TO 2010
CLIMATE RECORD PERIOD 1871 TO 2015


WEATHER ITEM   OBSERVED TIME   RECORD YEAR NORMAL DEPARTURE LAST
                VALUE   (LST)  VALUE       VALUE  FROM      YEAR
                                                  NORMAL
..................................................................
TEMPERATURE (F)
 YESTERDAY
  MAXIMUM         65    501 PM  91    1960  72     -7       75
                                      1925
  MINIMUM         38    644 AM  33    2005  50    -12       51
                                      1927
                                      1919
  AVERAGE         52                        61     -9       63

PRECIPITATION (IN)
  YESTERDAY        T             2.34 1966   0.15  -0.15      T
  MONTH TO DATE   10.61                      3.11   7.50     4.62
  SINCE MAR 1     18.41                      7.28  11.13     6.92
  SINCE JAN 1     21.51                     13.70   7.81    13.08

SNOWFALL (IN)
  YESTERDAY        0.0           T    1910   0.0    0.0      0.0
  MONTH TO DATE    0.0                       0.1   -0.1      0.1
  SINCE MAR 1     11.9                       1.5   10.4      4.2
  SINCE JUL 1     27.6                      12.5   15.1     26.0
  SNOW DEPTH       0

DEGREE DAYS
 HEATING
  YESTERDAY       13                         6      7        2
  MONTH TO DATE  123                       215    -92      172
  SINCE MAR 1    689                       753    -64      820
  SINCE JUL 1   4309                      3994    315     4474

 COOLING
  YESTERDAY        0                         2     -2        0
  MONTH TO DATE   41                        29     12       24
  SINCE MAR 1     42                        35      7       24
  SINCE JAN 1     42                        35      7       24
..................................................................


WIND (MPH)
  HIGHEST WIND SPEED    13   HIGHEST WIND DIRECTION    SE (150)
  HIGHEST GUST SPEED    16   HIGHEST GUST DIRECTION    SE (150)
  AVERAGE WIND SPEED     4.7


SKY COVER
  POSSIBLE SUNSHINE  MM
  AVERAGE SKY COVER 0.8


WEATHER CONDITIONS
 THE FOLLOWING WEATHER WAS RECORDED YESTERDAY.
  LIGHT RAIN


RELATIVE HUMIDITY (PERCENT)
 HIGHEST    76           600 AM
 LOWEST     19           300 PM
 AVERAGE    48

..........................................................


THE LOUISVILLE KY CLIMATE NORMALS FOR TODAY
                         NORMAL    RECORD    YEAR
 MAXIMUM TEMPERATURE (F)   72        88      1990
                                             1989
                                             1915
 MINIMUM TEMPERATURE (F)   50        29      1919


SUNRISE AND SUNSET
APRIL 25 2015.........SUNRISE   654 AM EDT   SUNSET   828 PM EDT
APRIL 26 2015.........SUNRISE   653 AM EDT   SUNSET   829 PM EDT


-  INDICATES NEGATIVE NUMBERS.
R  INDICATES RECORD WAS SET OR TIED.
MM INDICATES DATA IS MISSING.
T  INDICATES TRACE AMOUNT.




$$
