000
CDUS43 KLMK 210629
CLISDF


CLIMATE REPORT
NATIONAL WEATHER SERVICE LOUISVILLE KY
227 AM EDT TUE APR 21 2015


...................................

...THE LOUISVILLE KY CLIMATE SUMMARY FOR APRIL 20 2015...

CLIMATE NORMAL PERIOD 1981 TO 2010
CLIMATE RECORD PERIOD 1871 TO 2015


WEATHER ITEM   OBSERVED TIME   RECORD YEAR NORMAL DEPARTURE LAST
                VALUE   (LST)  VALUE       VALUE  FROM      YEAR
                                                  NORMAL
..................................................................
TEMPERATURE (F)
 YESTERDAY
  MAXIMUM         63    255 AM  87    1976  70     -7       80
                                      1896
  MINIMUM         50   1159 PM  28    1897  49      1       49
  AVERAGE         57                        60     -3       65

PRECIPITATION (IN)
  YESTERDAY        0.17          2.78 1892   0.13   0.04     0.00
  MONTH TO DATE   10.59                      2.53   8.06     4.62
  SINCE MAR 1     18.39                      6.70  11.69     6.92
  SINCE JAN 1     21.49                     13.12   8.37    13.08

SNOWFALL (IN)
  YESTERDAY        0.0           T    1953   0.0    0.0      0.0
  MONTH TO DATE    0.0                       0.1   -0.1      0.1
  SINCE MAR 1     11.9                       1.5   10.4      4.2
  SINCE JUL 1     27.6                      12.5   15.1     26.0
  SNOW DEPTH       0

DEGREE DAYS
 HEATING
  YESTERDAY        8                         7      1        0
  MONTH TO DATE   76                       190   -114      159
  SINCE MAR 1    642                       728    -86      807
  SINCE JUL 1   4262                      3969    293     4461

 COOLING
  YESTERDAY        0                         2     -2        0
  MONTH TO DATE   41                        21     20       21
  SINCE MAR 1     42                        27     15       21
  SINCE JAN 1     42                        27     15       21
..................................................................


WIND (MPH)
  HIGHEST WIND SPEED    26   HIGHEST WIND DIRECTION     W (290)
  HIGHEST GUST SPEED    33   HIGHEST GUST DIRECTION     W (260)
  AVERAGE WIND SPEED    13.2


SKY COVER
  POSSIBLE SUNSHINE  MM
  AVERAGE SKY COVER 0.8


WEATHER CONDITIONS
 THE FOLLOWING WEATHER WAS RECORDED YESTERDAY.
  RAIN
  LIGHT RAIN
  FOG


RELATIVE HUMIDITY (PERCENT)
 HIGHEST    90           400 AM
 LOWEST     42           600 PM
 AVERAGE    66

..........................................................


THE LOUISVILLE KY CLIMATE NORMALS FOR TODAY
                         NORMAL    RECORD    YEAR
 MAXIMUM TEMPERATURE (F)   71        86      1987
                                             1963
                                             1902
 MINIMUM TEMPERATURE (F)   49        32      1888


SUNRISE AND SUNSET
APRIL 21 2015.........SUNRISE   659 AM EDT   SUNSET   825 PM EDT
APRIL 22 2015.........SUNRISE   658 AM EDT   SUNSET   825 PM EDT


-  INDICATES NEGATIVE NUMBERS.
R  INDICATES RECORD WAS SET OR TIED.
MM INDICATES DATA IS MISSING.
T  INDICATES TRACE AMOUNT.

$$

SCHOETTMER
