000
CXAK56 PADQ 271218
CF6ADQ

PRELIMINARY LOCAL CLIMATOLOGICAL DATA (WS FORM: F-6)

                                          STATION:   KODIAK
                                          MONTH:     04
                                          YEAR:      2015
                                          LATITUDE:   57 45 N
                                          LONGITUDE: 152 30 W

  TEMPERATURE IN F:       :PCPN:    SNOW:  WIND      :SUNSHINE: SKY     :PK WND
================================================================================
1   2   3   4   5  6A  6B    7     8   9   10  11  12  13   14  15   16  17  18
                                      12Z  AVG MX 2MIN
DY MAX MIN AVG DEP HDD CDD  WTR   SNW DPTH SPD SPD DIR MIN PSBL S-S WX   SPD DR
================================================================================

 1  44  31  38   3  27   0  0.22    T   0 14.2 29   30   M    M   M 1     40  30
 2  47  39  43   8  22   0     T  0.0   0 14.4 26  310   M    M   M       37 310
 3  49  29  39   4  26   0  0.00  0.0   0 11.3 24  290   M    M   M       29 290
 4  44  27  36   1  29   0     T    T   0  5.9 18  280   M    M   M       23 270
 5  44  30  37   2  28   0  0.01    T   0  7.1 16  170   M    M   M 1     19 170
 6  47  38  43   8  22   0  1.08  0.0   0 10.9 26  110   M    M   M 1     35 140
 7  45  30  38   2  27   0  0.10  0.0   0 10.1 30  240   M    M   M 1     39 240
 8  44  28  36   0  29   0  0.36  0.0   0 10.2 22  120   M    M   M 1     27 140
 9  44  35  40   4  25   0  0.06    T   0  8.9 23  260   M    M   M 1     30 260
10  41  34  38   2  27   0  0.10  0.3   0 12.1 24  290   M    M   M 1     32 300
11  37  29  33  -3  32   0  0.00  0.0   0 13.7 22  290   M    M   M       30 300
12  42  23  33  -4  32   0  0.00  0.0   0  6.8 15  300   M    M   M       19 290
13  40  29  35  -2  30   0  0.05  0.7   T 10.1 21  150   M    M   M 1     27 120
14  43  32  38   1  27   0  0.67  0.6   0 17.1 36   40   M    M   M 1     48  40
15  43  31  37   0  28   0     T  0.0   0  9.9 20  290   M    M   M       27 290
16  41  29  35  -3  30   0  0.17  0.9   0  4.1 13  100   M    M   M 1     14 330
17  42  27  35  -3  30   0  0.74    T   0 21.4 40  100   M    M   M 1     50  80
18  44  39  42   4  23   0  0.35  0.0   0 12.9 24  130   M    M   M 1     29 130
19  47  33  40   2  25   0  0.10    T   T 14.6 26  160   M    M   M 1     33 300
20  45  31  38  -1  27   0     T    T   T 12.2 31  280   M    M   M 1     38 290
21  41  33  37  -2  28   0  0.16  0.7   0 13.3 36   80   M    M   M 1     44  80
22  43  38  41   2  24   0  0.47    T   0 21.2 40   40   M    M   M 1     49  40
23  44  38  41   2  24   0  0.03  0.0   0  7.7 15  130   M    M   M       19 100
24  44  39  42   2  23   0  0.06  0.0   0 10.5 23  110   M    M   M 1     26 110
25  45  38  42   2  23   0  0.40  0.0   0 16.7 25   30   M    M   M 1     31  40
26  49  41  45   5  20   0  0.75  0.0   0 15.5 28  320   M    M   M 1     36  20
================================================================================
SM 1139  851       688   0  5.88 3.2    312.8           M        M
================================================================================
AV 43.8 32.7                             12.0 FASTST  PSBL  %   M    MAX(MPH)
                                 MISC ---->  #  40   40                 50  80
================================================================================
NOTES:
# LAST OF SEVERAL OCCURRENCES

COLUMN 17 PEAK WIND IN M.P.H.

PRELIMINARY LOCAL CLIMATOLOGICAL DATA (WS FORM: F-6) , PAGE 2

                                          STATION:   KODIAK
                                          MONTH:     04
                                          YEAR:      2015
                                          LATITUDE:  57 45 N
                                          LONGITUDE: 152 30 W

[TEMPERATURE DATA]      [PRECIPITATION DATA]       SYMBOLS USED IN COLUMN 16

AVERAGE MONTHLY:38.3   TOTAL FOR MONTH: 5.88       1 = FOG
DPTR FM NORMAL:  1.1   DPTR FM NORMAL: 0.82       2 = FOG REDUCING VISIBILITY
HIGHEST:    49 ON 26    GRTST 24HR   1.08 ON  6        TO 1/4 MILE OR LESS
LOWEST:     23 ON 12                               3 = THUNDER
                        SNOW, ICE PELLETS, HAIL    4 = ICE PELLETS
                        TOTAL MONTH: 3.2 INCHES  5 = HAIL
                        GRTST 24HR   0.9 ON 16     6 = GLAZE OR RIME
                        GRTST DEPTH:   T ON 20    7 = BLOWING DUST OR SAND:
                                                       VSBY 1/2 MILE OR LESS
                                                   8 = SMOKE OR HAZE
[NO. OF DAYS WITH]      [WEATHER - DAYS WITH]      9 = BLOWING SNOW
                                                   X = TORNADO
MAX 32 OR BELOW:   0    0.01 INCH OR MORE:  19
MAX 70 OR ABOVE:   0    0.10 INCH OR MORE:  14
MIN 32 OR BELOW:  14    0.50 INCH OR MORE:   4
MIN  0 OR BELOW:   0    1.00 INCH OR MORE:   1

[HDD (BASE 65) ]
TOTAL THIS MO.   688    CLEAR  (SCALE 0-3)   M
DPTR FM NORMAL   -36    PTCLDY (SCALE 4-7)   M
SEASONAL TOTAL  6482    CLOUDY (SCALE 8-10)  M
DPTR FM NORMAL -1113

[CDD (BASE 65) ]
TOTAL THIS MO.     0
DPTR FM NORMAL     0    [PRESSURE DATA]
SEASONAL TOTAL     0    HIGHEST SLP     M
DPTR FM NORMAL     0    LOWEST  SLP     M

[REMARKS]
