000
CXUS55 KPUB 191059
CF6ALS
PRELIMINARY LOCAL CLIMATOLOGICAL DATA (WS FORM: F-6)

                                          STATION:   ALAMOSA CO
                                          MONTH:     APRIL
                                          YEAR:      2015
                                          LATITUDE:   37 27 N
                                          LONGITUDE: 105 52 W

  TEMPERATURE IN F:       :PCPN:    SNOW:  WIND      :SUNSHINE: SKY     :PK WND
================================================================================
1   2   3   4   5  6A  6B    7    8   9   10  11  12  13   14  15   16   17  18
                                     12Z  AVG MX 2MIN
DY MAX MIN AVG DEP HDD CDD  WTR  SNW DPTH SPD SPD DIR MIN PSBL S-S WX    SPD DR
================================================================================

 1  67  29  48  10  17   0 0.00  0.0    0 12.0 37 240   M    M   1        48 240
 2  61  25  43   5  22   0 0.00  0.0    0 16.6 38 240   M    M   0        51 290
 3  54  25  40   2  25   0 0.00  0.0    0  9.3 23 200   M    M   0        30 200
 4  65  24  45   6  20   0 0.00  0.0    0  9.8 28 270   M    M   0        37 240
 5  66  33  50  11  15   0 0.00  0.0    0 12.2 23 250   M    M   0        32 270
 6  65  27  46   7  19   0 0.00  0.0    0 12.9 33 240   M    M   0        42 260
 7  65  28  47   8  18   0 0.00  0.0    0 16.1 33 240   M    M   0        42 240
 8  62  33  48   8  17   0 0.00  0.0    0 22.3 44 220   M    M   2 8      53 240
 9  56  21  39  -1  26   0 0.00  0.0    0  7.7 18 130   M    M   0        28 140
10  65  23  44   4  21   0 0.00  0.0    0  9.8 24 250   M    M   1        37 260
11  63  22  43   3  22   0 0.00  0.0    0  9.0 25 240   M    M   0        33 230
12  66  23  45   4  20   0 0.00  0.0    0  8.9 28 350   M    M   0        36 330
13  65  24  45   4  20   0 0.00  0.0    0  8.9 25 200   M    M   0        30 190
14  68  25  47   6  18   0 0.00  0.0    0  9.8 29 260   M    M   1        40 260
15  56  32  44   2  21   0 0.00  0.0    0 18.3 38 220   M    M   2        46 220
16  54  30  42   0  23   0 0.21  0.7    0 15.5 33 130   M    M   5 13     43 120
17  45  23  34  -8  31   0    T    T    0  8.4 21 230   M    M   5        26 230
18  47  19  33  -9  32   0    T    T    0  6.2 21 270   M    M   4 8      24 300
================================================================================
SM 1090  466       387   0  0.21     0.7 213.7          M       21
================================================================================
AV 60.6 25.9                              11.9 FASTST   M    M   1    MAX(MPH)
                                 MISC ---->  # 44 220               # 53  240
================================================================================
NOTES:
# LAST OF SEVERAL OCCURRENCES

COLUMN 17 PEAK WIND IN M.P.H.

PRELIMINARY LOCAL CLIMATOLOGICAL DATA (WS FORM: F-6) , PAGE 2

                                          STATION:  ALAMOSA CO
                                          MONTH:    APRIL
                                          YEAR:     2015
                                          LATITUDE:   37 27 N
                                          LONGITUDE: 105 52 W

[TEMPERATURE DATA]      [PRECIPITATION DATA]       SYMBOLS USED IN COLUMN 16

AVERAGE MONTHLY: 43.2   TOTAL FOR MONTH:   0.21    1 = FOG OR MIST
DPTR FM NORMAL:   3.2   DPTR FM NORMAL:   -0.13    2 = FOG REDUCING VISIBILITY
HIGHEST:    68 ON 14    GRTST 24HR  0.21 ON 15-16      TO 1/4 MILE OR LESS
LOWEST:     19 ON 18                               3 = THUNDER
                        SNOW, ICE PELLETS, HAIL    4 = ICE PELLETS
                        TOTAL MONTH:   0.7 INCH    5 = HAIL
                        GRTST 24HR   0.7 ON   M    6 = FREEZING RAIN OR DRIZZLE
                        GRTST DEPTH:   0           7 = DUSTSTORM OR SANDSTORM:
                                                       VSBY 1/2 MILE OR LESS
                                                   8 = SMOKE OR HAZE
[NO. OF DAYS WITH]      [WEATHER - DAYS WITH]      9 = BLOWING SNOW
                                                   X = TORNADO
MAX 32 OR BELOW:   0    0.01 INCH OR MORE:   1
MAX 90 OR ABOVE:   0    0.10 INCH OR MORE:   1
MIN 32 OR BELOW:  16    0.50 INCH OR MORE:   0
MIN  0 OR BELOW:   0    1.00 INCH OR MORE:   0

[HDD (BASE 65) ]
TOTAL THIS MO.   387    CLEAR  (SCALE 0-3)  15
DPTR FM NORMAL   -62    PTCLDY (SCALE 4-7)   3
TOTAL FM JUL 1  6664    CLOUDY (SCALE 8-10)  0
DPTR FM NORMAL -1091

[CDD (BASE 65) ]
TOTAL THIS MO.     0
DPTR FM NORMAL     0    [PRESSURE DATA]
TOTAL FM JAN 1     0    HIGHEST SLP M ON M
DPTR FM NORMAL     0    LOWEST  SLP 29.49 ON  8

[REMARKS]
