000
CXUS53 KGID 010730
CF6AUH
PRELIMINARY LOCAL CLIMATOLOGICAL DATA (WS FORM: F-6)

                                          STATION:   AURORA
                                          MONTH:     MARCH
                                          YEAR:      2015
                                          LATITUDE:   40 54 N
                                          LONGITUDE:  97 59 W

  TEMPERATURE IN F:       :PCPN:    SNOW:  WIND      :SUNSHINE: SKY     :PK WND
================================================================================
1   2   3   4   5  6A  6B    7    8   9   10  11  12  13   14  15   16   17  18
                                     12Z  AVG MX 2MIN
DY MAX MIN AVG DEP HDD CDD  WTR  SNW DPTH SPD SPD DIR MIN PSBL S-S WX    SPD DR
================================================================================

 1  40  12  26  -7  39   0 0.00    M    M  6.3  9  10   M    M   2         M  M
 2  43  24  34   0  31   0    T    M    M 12.9 23 170   M    M   5        30 170
 3  34  18  26  -8  39   0    M    M    M 15.3 32 330   M    M   7 1      38 350
 4  30   4  17 -17  48   0    M    M    M 10.0 18 350   M    M   3        27 350
 5  39  -2  19 -16  46   0 0.00    M    M  7.7 16 190   M    M   0        21 190
 6  63  20  42   7  23   0 0.00    M    M  8.6 13 300   M    M   1        22 240
 7  61  29  45   9  20   0 0.00    M    M  7.8 14 300   M    M   0         M  M
 8  57  30  44   8  21   0 0.00    M    M 10.5 22  30   M    M   1        28  30
 9  63  25  44   8  21   0 0.00    M    M  7.0 12 180   M    M   0         M  M
10  73  30  52  15  13   0 0.00    M    M  5.8 12 190   M    M   0         M  M
11  73  30  52  15  13   0 0.00    M    M  7.9 15 190   M    M   0        18 190
12  77  40  59  21   6   0 0.00    M    M 13.3 28 210   M    M   0        38 210
13  73  34  54  16  11   0 0.00    M    M 14.0 25  10   M    M   0        35  10
14  66  30  48  10  17   0 0.00    M    M  7.9 13 210   M    M   0         M  M
15  84  37  61  22   4   0 0.00    M    M 16.0 25 230   M    M   0        33 220
16  89  39  64  25   1   0 0.00    M    M 17.9 35  20   M    M   0        46  20
17  50  28  39   0  26   0 0.00    M    M 15.9 33  20   M    M   0        40  20
18  54  26  40   0  25   0 0.00    M    M 10.2 16 160   M    M   4        23 130
19  60  33  47   7  18   0 0.00    M    M  4.5  9 150   M    M   4         M  M
20  76  25  51  11  14   0 0.00    M    M  9.0 20 260   M    M   0        28 260
21  71  32  52  11  13   0 0.00    M    M 10.4 16 120   M    M   0        21 100
22  76  33  55  14  10   0 0.00    M    M 11.6 22 340   M    M   0        29 340
23  52  27  40  -2  25   0 0.00    M    M  9.5 13 130   M    M   3 3      17 150
24  43  35  39  -3  26   0 0.57    M    M  6.7 18 120   M    M  10 123    32  90
25  45  28  37  -5  28   0 0.01    M    M 10.7 22 360   M    M   7 12     30 360
26  49  20  35  -8  30   0    T    M    M  8.3 21  60   M    M   4        25  60
27  42  21  32 -11  33   0    T    M    M  7.2 15 150   M    M   5        20 170
28  60  30  45   2  20   0 0.00    M    M 11.8 18 160   M    M   2        25 160
29  63  35  49   5  16   0 0.00    M    M 14.6 32 320   M    M   0        51 330
30  76  34  55  11  10   0 0.00    M    M 11.7 27 220   M    M   0        32 220
31  78  34  56  12   9   0 0.00    M    M  7.2 15 170   M    M   0        17 180
================================================================================
SM 1860  841       656   0  0.58    M    318.2          M       58
================================================================================
AV 60.0 27.1                              10.3 FASTST   M    M   2    MAX(MPH)
                                 MISC ---->  # 35  20                 51    M
================================================================================
NOTES:
# LAST OF SEVERAL OCCURRENCES

COLUMN 17 PEAK WIND IN M.P.H.

PRELIMINARY LOCAL CLIMATOLOGICAL DATA (WS FORM: F-6) , PAGE 2

                                          STATION:  AURORA
                                          MONTH:    MARCH
                                          YEAR:     2015
                                          LATITUDE:   40 54 N
                                          LONGITUDE:  97 59 W

[TEMPERATURE DATA]      [PRECIPITATION DATA]       SYMBOLS USED IN COLUMN 16

AVERAGE MONTHLY: 43.6   TOTAL FOR MONTH:   0.58    1 = FOG OR MIST
DPTR FM NORMAL:   4.7   DPTR FM NORMAL:   -1.60    2 = FOG REDUCING VISIBILITY
HIGHEST:    89 ON 16    GRTST 24HR  0.57 ON 24-24      TO 1/4 MILE OR LESS
LOWEST:     -2 ON  5                               3 = THUNDER
                        SNOW, ICE PELLETS, HAIL    4 = ICE PELLETS
                        TOTAL MONTH:    M          5 = HAIL
                        GRTST 24HR    M  ON   M    6 = FREEZING RAIN OR DRIZZLE
                        GRTST DEPTH:  M  ON   M    7 = DUSTSTORM OR SANDSTORM:
                                                       VSBY 1/2 MILE OR LESS
                                                   8 = SMOKE OR HAZE
[NO. OF DAYS WITH]      [WEATHER - DAYS WITH]      9 = BLOWING SNOW
                                                   X = TORNADO
MAX 32 OR BELOW:   1    0.01 INCH OR MORE:   2
MAX 90 OR ABOVE:   0    0.10 INCH OR MORE:   1
MIN 32 OR BELOW:  21    0.50 INCH OR MORE:   1
MIN  0 OR BELOW:   1    1.00 INCH OR MORE:   0

[HDD (BASE 65) ]
TOTAL THIS MO.   656    CLEAR  (SCALE 0-3)  21
DPTR FM NORMAL  -152    PTCLDY (SCALE 4-7)   9
TOTAL FM JUL 1  5442    CLOUDY (SCALE 8-10)  1
DPTR FM NORMAL  -158

[CDD (BASE 65) ]
TOTAL THIS MO.     0
DPTR FM NORMAL    -1    [PRESSURE DATA]
TOTAL FM JAN 1     0    HIGHEST SLP M ON M
DPTR FM NORMAL    -1    LOWEST  SLP M ON M

[REMARKS]
#FINAL-03-15#
