000
CXUS51 KCAR 250600
CF6CAR
PRELIMINARY LOCAL CLIMATOLOGICAL DATA (WS FORM: F-6)

                                          STATION:   CARIBOU ME
                                          MONTH:     APRIL
                                          YEAR:      2015
                                          LATITUDE:   46 52 N
                                          LONGITUDE:  68  1 W

  TEMPERATURE IN F:       :PCPN:    SNOW:  WIND      :SUNSHINE: SKY     :PK WND
================================================================================
1   2   3   4   5  6A  6B    7    8   9   10  11  12  13   14  15   16   17  18
                                     12Z  AVG MX 2MIN
DY MAX MIN AVG DEP HDD CDD  WTR  SNW DPTH SPD SPD DIR MIN PSBL S-S WX    SPD DR
================================================================================

 1  26  14  20 -12  45   0 0.00  0.0   11 11.7 23 330   M    M   0        30 330
 2  38  11  25  -7  40   0 0.01  0.1   11  6.0 15 160   M    M   5        21 180
 3  56  32  44  12  21   0 0.13  0.2   10  7.7 18 170   M    M   5 16     22 180
 4  39  15  27  -6  38   0 0.40  7.1    9 16.1 33 330   M    M   8 129    43 330
 5  25   3  14 -19  51   0 0.04  0.6   15  7.6 22 320   M    M   5 8      27 320
 6  33  -4  15 -19  50   0 0.00  0.0   15  7.3 17 220   M    M   1        25 200
 7  38  11  25  -9  40   0 0.00  0.0   14  7.3 17 320   M    M   2 12     21 340
 8  39  12  26  -9  39   0 0.00  0.0   12  4.3 14 320   M    M   0 8      18 320
 9  42  21  32  -3  33   0 0.00  0.0   11  6.3 14 150   M    M   1        17 150
10  38  28  33  -3  32   0 0.55  0.5    9 12.4 20 170   M    M  10 16     27 180
11  43  33  38   2  27   0    T  0.0    6 12.8 28 300   M    M   8        42 300
12  53  31  42   5  23   0 0.00  0.0    5  4.7 18 330   M    M   3        21 310
13  65  30  48  10  17   0 0.00  0.0    4  7.1 16 160   M    M   0        22 170
14  55  37  46   8  19   0 0.05  0.0    T 11.6 24 260   M    M   4        36 290
15  44  30  37  -1  28   0 0.00  0.0    T 10.2 22 360   M    M   0        28 360
16  52  26  39   0  26   0 0.00  0.0    T  8.0 14 210   M    M   0        19 190
17  64  35  50  10  15   0 0.06  0.0    T  8.8 22 330   M    M   5        27 330
18  50  31  41   1  24   0 0.00  0.0    T  5.6 16 330   M    M   4        21 320
19  51  29  40   0  25   0 0.00  0.0    T  8.1 20 330   M    M   3        27 330
20  52  25  39  -2  26   0    T    T    T 10.2 25 160   M    M   3        36 150
21  44  36  40  -1  25   0 0.54  0.0    T 11.0 23 140   M    M  10 12     32 160
22  58  33  46   4  19   0    T  0.0    T  4.6 15 100   M    M   7 12     22 110
23  48  35  42   0  23   0 0.21    T    T 10.1 26 130   M    M   9 1      32 140
24  40  32  36  -7  29   0 0.19  0.1    T  7.4 15 330   M    M  10 1      19 340
================================================================================
SM 1093  586       715   0  2.18     8.6 206.9          M      103
================================================================================
AV 45.5 24.4                               8.6 FASTST   M    M   4    MAX(MPH)
                                 MISC ---->  # 33 330               # 43  330
================================================================================
NOTES:
# LAST OF SEVERAL OCCURRENCES

COLUMN 17 PEAK WIND IN M.P.H.

PRELIMINARY LOCAL CLIMATOLOGICAL DATA (WS FORM: F-6) , PAGE 2

                                          STATION:  CARIBOU ME
                                          MONTH:    APRIL
                                          YEAR:     2015
                                          LATITUDE:   46 52 N
                                          LONGITUDE:  68  1 W

[TEMPERATURE DATA]      [PRECIPITATION DATA]       SYMBOLS USED IN COLUMN 16

AVERAGE MONTHLY: 35.0   TOTAL FOR MONTH:   2.18    1 = FOG OR MIST
DPTR FM NORMAL:  -2.1   DPTR FM NORMAL:    0.06    2 = FOG REDUCING VISIBILITY
HIGHEST:    65 ON 13    GRTST 24HR  0.55 ON 10-10      TO 1/4 MILE OR LESS
LOWEST:     -4 ON  6                               3 = THUNDER
                        SNOW, ICE PELLETS, HAIL    4 = ICE PELLETS
                        TOTAL MONTH:   8.6 INCHES  5 = HAIL
                        GRTST 24HR   7.1 ON   M    6 = FREEZING RAIN OR DRIZZLE
                        GRTST DEPTH:  15 ON  6, 5  7 = DUSTSTORM OR SANDSTORM:
                                                       VSBY 1/2 MILE OR LESS
                                                   8 = SMOKE OR HAZE
[NO. OF DAYS WITH]      [WEATHER - DAYS WITH]      9 = BLOWING SNOW
                                                   X = TORNADO
MAX 32 OR BELOW:   2    0.01 INCH OR MORE:  10
MAX 90 OR ABOVE:   0    0.10 INCH OR MORE:   6
MIN 32 OR BELOW:  18    0.50 INCH OR MORE:   2
MIN  0 OR BELOW:   1    1.00 INCH OR MORE:   0

[HDD (BASE 65) ]
TOTAL THIS MO.   715    CLEAR  (SCALE 0-3)  10
DPTR FM NORMAL    43    PTCLDY (SCALE 4-7)  10
TOTAL FM JUL 1  8858    CLOUDY (SCALE 8-10)  4
DPTR FM NORMAL   211

[CDD (BASE 65) ]
TOTAL THIS MO.     0
DPTR FM NORMAL     0    [PRESSURE DATA]
TOTAL FM JAN 1     0    HIGHEST SLP M ON M
DPTR FM NORMAL     0    LOWEST  SLP 29.38 ON 11

[REMARKS]
