000
CXUS54 KCRP 281300
CF6CRP
PRELIMINARY LOCAL CLIMATOLOGICAL DATA (WS FORM: F-6)

                                          STATION:   CORPUS CHRISTI
                                          MONTH:     APRIL
                                          YEAR:      2015
                                          LATITUDE:   27 46 N
                                          LONGITUDE:  97 30 W

  TEMPERATURE IN F:       :PCPN:    SNOW:  WIND      :SUNSHINE: SKY     :PK WND
================================================================================
1   2   3   4   5  6A  6B    7    8   9   10  11  12  13   14  15   16   17  18
                                     12Z  AVG MX 2MIN
DY MAX MIN AVG DEP HDD CDD  WTR  SNW DPTH SPD SPD DIR MIN PSBL S-S WX    SPD DR
================================================================================

 1  81  69  75   6   0  10    T  0.0    0 16.7 30 150   M    M   8 13     35 140
 2  82  70  76   6   0  11 0.00  0.0    0 16.8 24 140   M    M   9 1      30 150
 3  82  72  77   7   0  12 0.00  0.0    0 14.9 24 170   M    M  10 1      29 160
 4  74  64  69  -1   0   4 0.08  0.0    0 16.1 26  40   M    M  10 1      34  20
 5  82  65  74   4   0   9 0.04  0.0    0 15.0 33 180   M    M   8 1      38 180
 6  81  71  76   6   0  11 0.00  0.0    0 18.1 28 160   M    M   9 1      34 140
 7  85  71  78   7   0  13    T  0.0    0 17.9 30 150   M    M   7 1      36 150
 8  84  73  79   8   0  14 0.00  0.0    0 18.9 30 160   M    M   9 1      37 150
 9  84  72  78   7   0  13    T  0.0    0 18.3 35 160   M    M   9 18     40 160
10  77  67  72   1   0   7 0.13  0.0    0  9.3 23  40   M    M  10 13     27  50
11  77  68  73   2   0   8 0.13  0.0    0  9.9 16 100   M    M  10 1      18  80
12  82  68  75   3   0  10 0.44  0.0    0 11.2 33 190   M    M   9 13     39 180
13  83  66  75   3   0  10 0.29  0.0    0  9.0 18 150   M    M   8 13     21 150
14  78  64  71  -1   0   6 0.92  0.0    0  8.4 43 340   M    M   8 13     53 340
15  75  68  72   0   0   7    T  0.0    0  8.0 14 120   M    M   9 3      17 120
16  83  69  76   4   0  11    T  0.0    0 11.3 23 150   M    M   9 13     28 160
17  83  68  76   3   0  11 1.89  0.0    0 14.4 33 310   M    M  10 138    49 300
18  75  66  71  -2   0   6 0.59  0.0    0  8.9 24  90   M    M   7 13     35 310
19  83  67  75   2   0  10 0.00  0.0    0  5.1 12 150   M    M   8 1      14 150
20  76  63  70  -3   0   5    T  0.0    0 13.1 30  40   M    M   9 1      38  40
21  77  61  69  -5   0   4    T  0.0    0 10.1 18  90   M    M   9        23 100
22  77  72  75   1   0  10 1.59  0.0    0 11.7 21 120   M    M  10 13     24 120
23  85  74  80   6   0  15 0.00  0.0    0  8.7 17 130   M    M  10 12     20 130
24  84  74  79   5   0  14 0.22  0.0    0 14.0 49 150   M    M   9 138    61 150
25  81  73  77   3   0  12 0.01  0.0    0 10.0 25 340   M    M   8 138    29 340
26  82  75  79   5   0  14 0.01  0.0    0 10.1 17 150   M    M  10 138    22 150
27  90  73  82   7   0  17 0.00  0.0    0 11.5 24 330   M    M   7 18     27 330
================================================================================
SM 2183 1863         0 274  6.34     0.0 337.4          M      239
================================================================================
AV 80.9 69.0                              12.5 FASTST   M    M   9    MAX(MPH)
                                 MISC ---->  # 49 150               # 61  150
================================================================================
NOTES:
# LAST OF SEVERAL OCCURRENCES

COLUMN 17 PEAK WIND IN M.P.H.

PRELIMINARY LOCAL CLIMATOLOGICAL DATA (WS FORM: F-6) , PAGE 2

                                          STATION:  CORPUS CHRISTI
                                          MONTH:    APRIL
                                          YEAR:     2015
                                          LATITUDE:   27 46 N
                                          LONGITUDE:  97 30 W

[TEMPERATURE DATA]      [PRECIPITATION DATA]       SYMBOLS USED IN COLUMN 16

AVERAGE MONTHLY: 74.9   TOTAL FOR MONTH:   6.34    1 = FOG OR MIST
DPTR FM NORMAL:   2.9   DPTR FM NORMAL:    4.72    2 = FOG REDUCING VISIBILITY
HIGHEST:    90 ON 27    GRTST 24HR  2.48 ON 17-18      TO 1/4 MILE OR LESS
LOWEST:     61 ON 21                               3 = THUNDER
                        SNOW, ICE PELLETS, HAIL    4 = ICE PELLETS
                        TOTAL MONTH:   0.0 INCH    5 = HAIL
                        GRTST 24HR     0.0         6 = FREEZING RAIN OR DRIZZLE
                        GRTST DEPTH:   0           7 = DUSTSTORM OR SANDSTORM:
                                                       VSBY 1/2 MILE OR LESS
                                                   8 = SMOKE OR HAZE
[NO. OF DAYS WITH]      [WEATHER - DAYS WITH]      9 = BLOWING SNOW
                                                   X = TORNADO
MAX 32 OR BELOW:   0    0.01 INCH OR MORE:  13
MAX 90 OR ABOVE:   1    0.10 INCH OR MORE:   9
MIN 32 OR BELOW:   0    0.50 INCH OR MORE:   4
MIN  0 OR BELOW:   0    1.00 INCH OR MORE:   2

[HDD (BASE 65) ]
TOTAL THIS MO.     0    CLEAR  (SCALE 0-3)   0
DPTR FM NORMAL   -15    PTCLDY (SCALE 4-7)   6
TOTAL FM JUL 1  1053    CLOUDY (SCALE 8-10) 21
DPTR FM NORMAL   157

[CDD (BASE 65) ]
TOTAL THIS MO.   274
DPTR FM NORMAL    67    [PRESSURE DATA]
TOTAL FM JAN 1   377    HIGHEST SLP M ON M
DPTR FM NORMAL   -21    LOWEST  SLP 29.46 ON 27

[REMARKS]
