000
CXUS54 KOUN 250800
CF6GOK
PRELIMINARY LOCAL CLIMATOLOGICAL DATA (WS FORM: F-6)

                                          STATION:   GUTHRIE MUNICIPAL
                                          MONTH:     APRIL
                                          YEAR:      2015
                                          LATITUDE:   35 50 N
                                          LONGITUDE:  97 25 W

  TEMPERATURE IN F:       :PCPN:    SNOW:  WIND      :SUNSHINE: SKY     :PK WND
================================================================================
1   2   3   4   5  6A  6B    7    8   9   10  11  12  13   14  15   16   17  18
                                     12Z  AVG MX 2MIN
DY MAX MIN AVG DEP HDD CDD  WTR  SNW DPTH SPD SPD DIR MIN PSBL S-S WX    SPD DR
================================================================================

 1  84  58  71  15   0   6 0.19  0.0    0 15.8 25 180   M    M   1 13     33 120
 2  87  66  77  20   0  12 0.00  0.0    0 11.3 26 200   M    M   0        37 190
 3  74  42  58   1   7   0 0.00  0.0    0 10.8 22  20   M    M   3 8      38  30
 4  67  30  49  -8  16   0 0.00  0.0    0  5.8 14 160   M    M   0        21 180
 5  56  48  52  -6  13   0 0.10  0.0    0 12.8 20 170   M    M  10 13     30 320
 6  85  55  70  12   0   5 0.00  0.0    0 15.3 24 190   M    M   6 1      36 190
 7  90  68  79  21   0  14 0.00  0.0    0 15.6 23 200   M    M   0        30 180
 8  81  70  76  18   0  11    T  0.0    0 16.8 29 170   M    M   2 38     43 180
 9  75  47  61   2   4   0 0.00  0.0    0 13.9 28 200   M    M   2 8      39 270
10  72  35  54  -5  11   0    T  0.0    0  4.8 12 100   M    M   0        21 300
11  71  51  61   2   4   0 0.47  0.0    0  8.7 18 160   M    M   6 13     26 160
12  82  61  72  12   0   7 0.00  0.0    0 12.6 22 180   M    M   5        30 150
13  70  54  62   2   3   0 0.86  0.0    0  9.2 23 360   M    M   9 13     37  10
14  57  51  54  -6  11   0 0.01  0.0    0  6.6 15  50   M    M  10 18     21  70
15  73  51  62   1   3   0 0.00  0.0    0  5.1 14 150   M    M   6 1      24 130
16  81  54  68   7   0   3 0.00  0.0    0  9.4 22 170   M    M   2 3      28 150
17  71  57  64   3   1   0 0.43  0.0    0  5.4 24 300   M    M   6 13     32 310
18  78  58  68   6   0   3 0.01  0.0    0  6.5 16 180   M    M   5 13     23 140
19  71  45  58  -4   7   0    T    M    0  9.6 24 330   M    M   5        38 340
20  66  40  53  -9  12   0 0.00  0.0    0  6.1 17 290   M    M   0        23 290
21  76  50  63   1   2   0 0.01  0.0    0  9.9 20 220   M    M   1        26 210
22  66  50  58  -5   7   0 0.45  0.0    0  9.5 20  70   M    M   5 13     27 330
23  70  52  61  -2   4   0 0.00  0.0    0  7.8 15 100   M    M   9 18     21 120
24  73  60  67   4   0   2 0.01  0.0    0 14.4 25 180   M    M   5 18     31 220
================================================================================
SM 1776 1253       105  63  2.54     0.0 243.7          M       98
================================================================================
AV 74.0 52.2                              10.2 FASTST   M    M   4    MAX(MPH)
                                 MISC ---->  # 29 170               # 43  180
================================================================================
NOTES:
# LAST OF SEVERAL OCCURRENCES

COLUMN 17 PEAK WIND IN M.P.H.

PRELIMINARY LOCAL CLIMATOLOGICAL DATA (WS FORM: F-6) , PAGE 2

                                          STATION:  GUTHRIE MUNICIPAL
                                          MONTH:    APRIL
                                          YEAR:     2015
                                          LATITUDE:   35 50 N
                                          LONGITUDE:  97 25 W

[TEMPERATURE DATA]      [PRECIPITATION DATA]       SYMBOLS USED IN COLUMN 16

AVERAGE MONTHLY: 63.1   TOTAL FOR MONTH:   2.54    1 = FOG OR MIST
DPTR FM NORMAL:   3.3   DPTR FM NORMAL:   -0.27    2 = FOG REDUCING VISIBILITY
HIGHEST:    90 ON  7    GRTST 24HR  0.86 ON 13-13      TO 1/4 MILE OR LESS
LOWEST:     30 ON  4                               3 = THUNDER
                        SNOW, ICE PELLETS, HAIL    4 = ICE PELLETS
                        TOTAL MONTH:   0.0 INCH    5 = HAIL
                        GRTST 24HR     0.0         6 = FREEZING RAIN OR DRIZZLE
                        GRTST DEPTH:   0           7 = DUSTSTORM OR SANDSTORM:
                                                       VSBY 1/2 MILE OR LESS
                                                   8 = SMOKE OR HAZE
[NO. OF DAYS WITH]      [WEATHER - DAYS WITH]      9 = BLOWING SNOW
                                                   X = TORNADO
MAX 32 OR BELOW:   0    0.01 INCH OR MORE:  10
MAX 90 OR ABOVE:   1    0.10 INCH OR MORE:   6
MIN 32 OR BELOW:   1    0.50 INCH OR MORE:   1
MIN  0 OR BELOW:   0    1.00 INCH OR MORE:   0

[HDD (BASE 65) ]
TOTAL THIS MO.   105    CLEAR  (SCALE 0-3)  10
DPTR FM NORMAL   -61    PTCLDY (SCALE 4-7)  10
TOTAL FM JUL 1  3505    CLOUDY (SCALE 8-10)  4
DPTR FM NORMAL    -3

[CDD (BASE 65) ]
TOTAL THIS MO.    63
DPTR FM NORMAL    23    [PRESSURE DATA]
TOTAL FM JAN 1    72    HIGHEST SLP M ON M
DPTR FM NORMAL    18    LOWEST  SLP 29.55 ON 24

[REMARKS]
