000
CXUS56 KMFR 281000
CF6MHS
PRELIMINARY LOCAL CLIMATOLOGICAL DATA (WS FORM: F-6)

                                          STATION:   MT SHASTA CITY CA
                                          MONTH:     APRIL
                                          YEAR:      2015
                                          LATITUDE:   41 19 N
                                          LONGITUDE: 122 19 W

  TEMPERATURE IN F:       :PCPN:    SNOW:  WIND      :SUNSHINE: SKY     :PK WND
================================================================================
1   2   3   4   5  6A  6B    7    8   9   10  11  12  13   14  15   16   17  18
                                     12Z  AVG MX 2MIN
DY MAX MIN AVG DEP HDD CDD  WTR  SNW DPTH SPD SPD DIR MIN PSBL S-S WX    SPD DR
================================================================================

 1  55  28  42  -3  23   0    T    M    M  5.9 20 350   M    M   1        31 340
 2  56  30  43  -2  22   0    T    M    M  5.1 13 340   M    M   3        24 330
 3  63  25  44  -1  21   0 0.00    M    M  2.7  9 290   M    M   2        17 300
 4  59  38  49   4  16   0 0.00    M    M  2.8  9 310   M    M   4        16 320
 5  44  30  37  -8  28   0 0.12    M    M  2.1  9  90   M    M   7 1      16 140
 6  40  32  36  -9  29   0 0.29    M    M  3.7  8 100   M    M  10 18     17  90
 7  41  33  37  -9  28   0 0.93    M    M  0.9  6 140   M    M  10 12     12 130
 8  50  30  40  -6  25   0    T    M    M  0.4  5 130   M    M   4 12     10  80
 9  62  27  45  -1  20   0 0.00    M    M  0.5  6 120   M    M   0 18     13 130
10  62  28  45  -1  20   0 0.00    M    M  0.7  6  90   M    M   1        13 140
11  62  38  50   4  15   0 0.00    M    M  3.2 10  10   M    M   6        18 340
12  69  31  50   4  15   0 0.00    M    M  2.1  9 310   M    M   0        13 310
13  69  32  51   5  14   0 0.02    M    M  4.2 15 350   M    M   3        26 350
14  50  33  42  -5  23   0    T    M    M  7.0 15 310   M    M   4        27 300
15  59  32  46  -1  19   0 0.00    M    M  5.8 13 300   M    M   1        23 290
16  72  30  51   4  14   0 0.00    M    M  2.6 10 300   M    M   0        15 290
17  79  33  56   9   9   0 0.00    M    M  3.5 10 350   M    M   0        20 340
18  76  44  60  12   5   0 0.01    M    M  3.7 12 290   M    M   0        21 300
19  79  37  58  10   7   0 0.00    M    M  3.3 12 290   M    M   0        20 290
20  82  38  60  12   5   0 0.00    M    M  2.0 10 290   M    M   1        17 300
21  76  38  57   9   8   0 0.07    M    M  4.1 13 340   M    M   3        24 340
22  66  44  55   7  10   0 0.00    M    M  6.9 14 340   M    M   3        24 320
23  70  38  54   5  11   0 0.03    M    M  5.5 14 330   M    M   3        28 320
24  52  38  45  -4  20   0 0.01    M    M  5.0 13 300   M    M   7        21 300
25  60  38  49   0  16   0 0.00    M    M  5.8 10  10   M    M   4        19 320
26  65  36  51   2  14   0 0.00    M    M  6.0 15 300   M    M   3        26 300
27  79  39  59   9   6   0 0.00    M    M  1.8  9 210   M    M   0        17 200
================================================================================
SM 1697  920       443   0  1.48    M     97.3          M       80
================================================================================
AV 62.9 34.1                               3.6 FASTST   M    M   3    MAX(MPH)
                                 MISC ---->  # 20 350               # 31  340
================================================================================
NOTES:
# LAST OF SEVERAL OCCURRENCES

COLUMN 17 PEAK WIND IN M.P.H.

PRELIMINARY LOCAL CLIMATOLOGICAL DATA (WS FORM: F-6) , PAGE 2

                                          STATION:  MT SHASTA CITY CA
                                          MONTH:    APRIL
                                          YEAR:     2015
                                          LATITUDE:   41 19 N
                                          LONGITUDE: 122 19 W

[TEMPERATURE DATA]      [PRECIPITATION DATA]       SYMBOLS USED IN COLUMN 16

AVERAGE MONTHLY: 48.5   TOTAL FOR MONTH:   1.48    1 = FOG OR MIST
DPTR FM NORMAL:   1.6   DPTR FM NORMAL:   -1.23    2 = FOG REDUCING VISIBILITY
HIGHEST:    82 ON 20    GRTST 24HR  1.11 ON  6- 7      TO 1/4 MILE OR LESS
LOWEST:     25 ON  3                               3 = THUNDER
                        SNOW, ICE PELLETS, HAIL    4 = ICE PELLETS
                        TOTAL MONTH:    M          5 = HAIL
                        GRTST 24HR    M  ON   M    6 = FREEZING RAIN OR DRIZZLE
                        GRTST DEPTH:  M  ON   M    7 = DUSTSTORM OR SANDSTORM:
                                                       VSBY 1/2 MILE OR LESS
                                                   8 = SMOKE OR HAZE
[NO. OF DAYS WITH]      [WEATHER - DAYS WITH]      9 = BLOWING SNOW
                                                   X = TORNADO
MAX 32 OR BELOW:   0    0.01 INCH OR MORE:   8
MAX 90 OR ABOVE:   0    0.10 INCH OR MORE:   3
MIN 32 OR BELOW:  12    0.50 INCH OR MORE:   1
MIN  0 OR BELOW:   0    1.00 INCH OR MORE:   0

[HDD (BASE 65) ]
TOTAL THIS MO.   443    CLEAR  (SCALE 0-3)  16
DPTR FM NORMAL   -48    PTCLDY (SCALE 4-7)   9
TOTAL FM JUL 1  3898    CLOUDY (SCALE 8-10)  2
DPTR FM NORMAL -1272

[CDD (BASE 65) ]
TOTAL THIS MO.     0
DPTR FM NORMAL     0    [PRESSURE DATA]
TOTAL FM JAN 1     0    HIGHEST SLP M ON M
DPTR FM NORMAL     0    LOWEST  SLP  0.00 ON  7

[REMARKS]
