000
CXUS52 KMFL 261000
CF6TMB
PRELIMINARY LOCAL CLIMATOLOGICAL DATA (WS FORM: F-6)

                                          STATION:   KENDALL-TAMIAMI EXEC ARPT
                                          MONTH:     APRIL
                                          YEAR:      2015
                                          LATITUDE:   25 38 N
                                          LONGITUDE:  80 26 W

  TEMPERATURE IN F:       :PCPN:    SNOW:  WIND      :SUNSHINE: SKY     :PK WND
================================================================================
1   2   3   4   5  6A  6B    7    8   9   10  11  12  13   14  15   16   17  18
                                     12Z  AVG MX 2MIN
DY MAX MIN AVG DEP HDD CDD  WTR  SNW DPTH SPD SPD DIR MIN PSBL S-S WX    SPD DR
================================================================================

 1  84  59  72   1   0   7 0.00  0.0    0  4.8 16  90   M    M   1 1      20 110
 2  83  61  72   1   0   7 0.00  0.0    0  6.9 17 100   M    M   2 1      26 110
 3  84  64  74   3   0   9 0.00  0.0    0  8.6 17 100   M    M   1        24 110
 4  86  63  75   4   0  10 0.00  0.0    0  4.6 14 110   M    M   1 1      18 110
 5  85  63  74   3   0   9 0.00  0.0    0  7.1 18  90   M    M   1 1      24 100
 6  86  67  77   5   0  12    T  0.0    0 10.2 21  90   M    M   2        25  90
 7  86  73  80   8   0  15 0.00  0.0    0 11.5 20 110   M    M   3        24  90
 8  85  70  78   6   0  13 0.05  0.0    0 10.5 18 120   M    M   3 13     23 130
 9  86  71  79   7   0  14 0.00  0.0    0 11.0 20 120   M    M   2        23 130
10  87  74  81   9   0  16 0.00  0.0    0 10.9 17 100   M    M   2        29 120
11  88  73  81   9   0  16 0.00  0.0    0  7.7 16 120   M    M   1        22 110
12  88  69  79   7   0  14    T  0.0    0  7.7 20 110   M    M   2        25 120
13  86  72  79   7   0  14 0.36  0.0    0  8.7 21 130   M    M   2 1      27 120
14  88  74  81   9   0  16 0.00  0.0    0  9.6 18 130   M    M   3        25 100
15  88  71  80   7   0  15 0.09  0.0    0  8.1 17 120   M    M   2 1      23 130
16  89  70  80   7   0  15 0.00  0.0    0  6.7 17 130   M    M   1        23 140
17  92  70  81   8   0  16    T  0.0    0  5.4 15 160   M    M   3 3      19 160
18  92  70  81   8   0  16 0.00  0.0    0  5.3 15 130   M    M   2 1      20 130
19  90  72  81   8   0  16 0.00  0.0    0  6.7 17 150   M    M   1        23 150
20  93  74  84  11   0  19 0.00  0.0    0  7.2 18 250   M    M   5        26 200
21  82  72  77   4   0  12 0.52  0.0    0  3.9 14 270   M    M   5 13     18 270
22  86  74  80   6   0  15 0.07  0.0    0  4.9 14 110   M    M   7 1      18 120
23  93  72  83   9   0  18    T  0.0    0  7.0 24 290   M    M   4 18     29  20
24  93  70  82   8   0  17 0.01  0.0    0  6.6 15 130   M    M   5 1      20 360
25  94  75  85  11   0  20 0.00  0.0    0  8.6 18 260   M    M   4        23 250
================================================================================
SM 2194 1743         0 351  1.10     0.0 190.2          M       65
================================================================================
AV 87.8 69.7                               7.6 FASTST   M    M   3    MAX(MPH)
                                 MISC ---->  # 24 290               # 29  120
================================================================================
NOTES:
# LAST OF SEVERAL OCCURRENCES

COLUMN 17 PEAK WIND IN M.P.H.

PRELIMINARY LOCAL CLIMATOLOGICAL DATA (WS FORM: F-6) , PAGE 2

                                          STATION:  KENDALL-TAMIAMI EXEC ARPT
                                          MONTH:    APRIL
                                          YEAR:     2015
                                          LATITUDE:   25 38 N
                                          LONGITUDE:  80 26 W

[TEMPERATURE DATA]      [PRECIPITATION DATA]       SYMBOLS USED IN COLUMN 16

AVERAGE MONTHLY: 78.7   TOTAL FOR MONTH:   1.10    1 = FOG OR MIST
DPTR FM NORMAL:   6.3   DPTR FM NORMAL:   -1.24    2 = FOG REDUCING VISIBILITY
HIGHEST:    94 ON 25    GRTST 24HR  0.53 ON 21-22      TO 1/4 MILE OR LESS
LOWEST:     59 ON  1                               3 = THUNDER
                        SNOW, ICE PELLETS, HAIL    4 = ICE PELLETS
                        TOTAL MONTH:   0.0 INCH    5 = HAIL
                        GRTST 24HR     0.0         6 = FREEZING RAIN OR DRIZZLE
                        GRTST DEPTH:   0           7 = DUSTSTORM OR SANDSTORM:
                                                       VSBY 1/2 MILE OR LESS
                                                   8 = SMOKE OR HAZE
[NO. OF DAYS WITH]      [WEATHER - DAYS WITH]      9 = BLOWING SNOW
                                                   X = TORNADO
MAX 32 OR BELOW:   0    0.01 INCH OR MORE:   6
MAX 90 OR ABOVE:   7    0.10 INCH OR MORE:   2
MIN 32 OR BELOW:   0    0.50 INCH OR MORE:   1
MIN  0 OR BELOW:   0    1.00 INCH OR MORE:   0

[HDD (BASE 65) ]
TOTAL THIS MO.     0    CLEAR  (SCALE 0-3)  17
DPTR FM NORMAL     0    PTCLDY (SCALE 4-7)   8
TOTAL FM JUL 1   122    CLOUDY (SCALE 8-10)  0
DPTR FM NORMAL   -75

[CDD (BASE 65) ]
TOTAL THIS MO.   351
DPTR FM NORMAL   161    [PRESSURE DATA]
TOTAL FM JAN 1   918    HIGHEST SLP M ON M
DPTR FM NORMAL   338    LOWEST  SLP 29.84 ON M

[REMARKS]
