000
CXUS55 KREV 010931
CF6TVL

PRELIMINARY LOCAL CLIMATOLOGICAL DATA (WS FORM: F-6)

                                          STATION:   SOUTH LAKE TAHOE CA
                                          MONTH:     MARCH
                                          YEAR:      2015
                                          LATITUDE:   38 53 N
                                          LONGITUDE: 119 60 W

  TEMPERATURE IN F:       :PCPN:    SNOW:  WIND      :SUNSHINE: SKY     :PK WND
================================================================================
1   2   3   4   5  6A  6B    7    8   9   10  11  12  13   14  15   16   17  18
                                     12Z  AVG MX 2MIN
DY MAX MIN AVG DEP HDD CDD  WTR  SNW DPTH SPD SPD DIR MIN PSBL S-S WX    SPD DR
================================================================================

 1  39  21  30  -3  35   0 0.07  0.8    2  5.6 17  30   M    M   M        24  40
 2  40  16  28  -5  37   0 0.01    T    2  3.3 10 190   M    M   M 8      12 200
 3  42  20  31  -2  34   0 0.00  0.0    1  4.9 13  20   M    M   M        19  20
 4  48  15  32  -2  33   0 0.00  0.0    0  2.6 12  30   M    M   M        16  30
 5  56  17  37   3  28   0 0.00  0.0    0  3.5 10  40   M    M   M        13  40
 6  57  21  39   5  26   0 0.00  0.0    0  2.7 12  30   M    M   M        15  30
 7  61  22  42   8  23   0 0.00  0.0    0  2.9  9  30   M    M   M        13  40
 8  62  23  43   9  22   0 0.00  0.0    0  2.2 10  30   M    M   M        14  30
 9  62  24  43   9  22   0 0.00  0.0    0  3.4 12  10   M    M   M        16  30
10  64  22  43   8  22   0 0.00  0.0    0  5.3 16 190   M    M   M        25 190
11  52  32  42   7  23   0 0.01  0.0    0  8.2 25 190   M    M   M 8      31 170
12  59  28  44   9  21   0 0.00  0.0    0  3.2 16  50   M    M   M 18     23  40
13  63  27  45  10  20   0 0.00  0.0    0  3.0 13 190   M    M   M        19  40
14  67  37  52  17  13   0 0.00  0.0    0  2.1 12  20   M    M   M        17 200
15  65  41  53  17  12   0 0.00  0.0    0  9.8 32 180   M    M   M        56 170
16  63  37  50  14  15   0 0.00  0.0    0  5.0 28 190   M    M   M        34 190
17  58  32  45   9  20   0    T  0.0    0  4.4 20 180   M    M   M        27 180
18  59  27  43   7  22   0 0.00  0.0    0  2.7 12  20   M    M   M        17  20
19  65  25  45   9  20   0 0.00  0.0    0  3.2 10  30   M    M   M        16  30
20  64  25  45   9  20   0 0.00  0.0    0  5.9 23 190   M    M   M        31 190
21  59  30  45   9  20   0 0.00  0.0    0  8.5 21 180   M    M   M        32 200
22  57  36  47  11  18   0 0.03  0.0    0 11.1 25 200   M    M   M        41 190
23  45  35  40   3  25   0 0.03  0.1    T 10.8 23 190   M    M   M        33 180
24  50  33  42   5  23   0    T  0.0    0  6.0 17 190   M    M   M        23 190
25  60  28  44   7  21   0 0.00  0.0    0  3.2 13  30   M    M   M        18  20
26  68  29  49  12  16   0 0.00  0.0    0  3.6 10  30   M    M   M        15  30
27  69  31  50  13  15   0 0.00  0.0    0  5.0 17 200   M    M   M        27 190
28  66  35  51  14  14   0 0.00  0.0    0  3.2 14 180   M    M   M        20 160
29  70  29  50  13  15   0 0.00  0.0    0  2.6 12  30   M    M   M        15  30
30  71  31  51  13  14   0 0.00  0.0    0  5.8 18 190   M    M   M        23 200
31  58  29  44   6  21   0 0.00  0.0    0 11.2 26 190   M    M   M        40 180
================================================================================
SM 1819  858       670   0  0.15     0.9 154.9          M        M
================================================================================
AV 58.7 27.7                               5.0 FASTST   M    M  -1    MAX(MPH)
                                 MISC ---->  # 32 180               # 56  170
================================================================================
NOTES:
# LAST OF SEVERAL OCCURRENCES

COLUMN 17 PEAK WIND IN M.P.H.

PRELIMINARY LOCAL CLIMATOLOGICAL DATA (WS FORM: F-6) , PAGE 2

                                          STATION:  SOUTH LAKE TAHOE CA
                                          MONTH:    MARCH
                                          YEAR:     2015
                                          LATITUDE:   38 53 N
                                          LONGITUDE: 119 60 W

[TEMPERATURE DATA]      [PRECIPITATION DATA]       SYMBOLS USED IN COLUMN 16

AVERAGE MONTHLY: 43.2   TOTAL FOR MONTH:   0.15    1 = FOG OR MIST
DPTR FM NORMAL:   7.7   DPTR FM NORMAL:   -2.72    2 = FOG REDUCING VISIBILITY
HIGHEST:    71 ON 30    GRTST 24HR  0.07 ON  1- 1      TO 1/4 MILE OR LESS
LOWEST:     15 ON  4                               3 = THUNDER
                        SNOW, ICE PELLETS, HAIL    4 = ICE PELLETS
                        TOTAL MONTH:   0.9 INCH    5 = HAIL
                        GRTST 24HR   0.8 ON   M    6 = FREEZING RAIN OR DRIZZLE
                        GRTST DEPTH:   2 ON  2, 1  7 = DUSTSTORM OR SANDSTORM:
                                                       VSBY 1/2 MILE OR LESS
                                                   8 = SMOKE OR HAZE
[NO. OF DAYS WITH]      [WEATHER - DAYS WITH]      9 = BLOWING SNOW
                                                   X = TORNADO
MAX 32 OR BELOW:   0    0.01 INCH OR MORE:   5
MAX 90 OR ABOVE:   0    0.10 INCH OR MORE:   0
MIN 32 OR BELOW:  24    0.50 INCH OR MORE:   0
MIN  0 OR BELOW:   0    1.00 INCH OR MORE:   0

[HDD (BASE 65) ]
TOTAL THIS MO.   670    CLEAR  (SCALE 0-3)   0
DPTR FM NORMAL  -245    PTCLDY (SCALE 4-7)   0
TOTAL FM JUL 1  4509    CLOUDY (SCALE 8-10)  0
DPTR FM NORMAL -1643

[CDD (BASE 65) ]
TOTAL THIS MO.     0
DPTR FM NORMAL     0    [PRESSURE DATA]
TOTAL FM JAN 1     0    HIGHEST SLP M ON M
DPTR FM NORMAL     0    LOWEST  SLP 29.75 ON  2

[REMARKS]

THE AVERAGE TEMPERATURE FOR MARCH 2015 AT THE SOUTH LAKE TAHOE AIRPORT WAS
43.2 DEGREES. THIS WAS 7.7 DEGREES ABOVE NORMAL. THIS MAKES MARCH 2015 THE
WARMEST MARCH ON RECORD AT SOUTH LAKE TAHOE.

THE WARMEST TEMPERATURE FOR THE MONTH WAS 71 DEGREES WHICH WAS RECORDED
ON THE 30TH. THE LOWEST READING FOR MARCH WAS 15 DEGREES WHICH OCCURRED ON
THE 4TH.

FOR MARCH 2015 THE SOUTH LAKE TAHOE AIRPORT RECORDED A TOTAL OF 0.15 INCHES
OF PRECIPITATION. THIS WAS 2.72 INCHES BELOW NORMAL. A TOTAL OF 0.9 INCHES
OF SNOWFALL WAS REPORTED FOR MARCH.

THE AVERAGE WIND SPEED FOR THE MONTH WAS 5.2 MPH. THE HIGHEST WIND GUST FOR
THE MONTH WAS 56 MPH FROM THE SOUTH WHICH OCCURRED ON THE 15TH.


#FINAL-03-15#
