000
CDUS41 KBTV 240606
CLI1V4


CLIMATE REPORT
NATIONAL WEATHER SERVICE BURLINGTON VT
205 AM EDT FRI APR 24 2015


...................................

...THE ST. JOHNSBURY VT CLIMATE SUMMARY FOR APRIL 23 2015...

CLIMATE NORMAL PERIOD 1981 TO 2010
CLIMATE RECORD PERIOD 1894 TO 2015


WEATHER ITEM   OBSERVED TIME   RECORD YEAR NORMAL DEPARTURE LAST
                VALUE   (LST)  VALUE       VALUE  FROM      YEAR
                                                  NORMAL
..................................................................
TEMPERATURE (F)
 YESTERDAY
  MAXIMUM         44        MM  83    2007  60    -16       51
  MINIMUM         34        MM  18    1933  36     -2       40
  AVERAGE         39                        48     -9       46

PRECIPITATION (IN)
  YESTERDAY        0.01          0.90 2005   0.10  -0.09     0.00
  MONTH TO DATE    2.39                      2.16   0.23     2.64
  SINCE MAR 1      3.76                      4.67  -0.91     5.51
  SINCE JAN 1      8.32                      9.35  -1.03    10.64

DEGREE DAYS
 HEATING
  YESTERDAY       26                        17      9       19
  MONTH TO DATE  558                       509     49      534
  SINCE MAR 1   1832                      1585    247     1955
  SINCE JUL 1   7897                      7309    588     7987

 COOLING
  YESTERDAY        0                         0      0        0
  MONTH TO DATE    0                         0      0        0
  SINCE MAR 1      0                         0      0        0
  SINCE JAN 1      0                         0      0        0
..................................................................


WIND (MPH)
  HIGHEST WIND SPEED    MM   HIGHEST WIND DIRECTION    MM
  HIGHEST GUST SPEED    MM   HIGHEST GUST DIRECTION    MM
  AVERAGE WIND SPEED    MM


SKY COVER
  AVERAGE SKY COVER 0.0


WEATHER CONDITIONS
 THE FOLLOWING WEATHER WAS RECORDED YESTERDAY.
  NO SIGNIFICANT WEATHER WAS OBSERVED.


RELATIVE HUMIDITY (PERCENT)
 HIGHEST    92          1200 AM
 LOWEST     41           500 PM
 AVERAGE    67

..........................................................


THE ST. JOHNSBURY VT CLIMATE NORMALS FOR TODAY
                         NORMAL    RECORD    YEAR
 MAXIMUM TEMPERATURE (F)   61        81      2001
                                             1942
 MINIMUM TEMPERATURE (F)   36        21      1930


SUNRISE AND SUNSET
APRIL 24 2015.........SUNRISE   550 AM EDT   SUNSET   743 PM EDT
APRIL 25 2015.........SUNRISE   548 AM EDT   SUNSET   745 PM EDT


-  INDICATES NEGATIVE NUMBERS.
R  INDICATES RECORD WAS SET OR TIED.
MM INDICATES DATA IS MISSING.
T  INDICATES TRACE AMOUNT.




$$
