000
CDUS43 KUNR 050834
CLI2WX


CLIMATE REPORT
NATIONAL WEATHER SERVICE RAPID CITY SD
232 AM MDT TUE MAY 5 2015


...................................

...THE BUFFALO SD CLIMATE SUMMARY FOR MAY 4 2015...

CLIMATE NORMAL PERIOD 1981 TO 2010
CLIMATE RECORD PERIOD 9999 TO 9999


WEATHER ITEM   OBSERVED TIME   NORMAL DEPARTURE LAST
                VALUE   (LST)  VALUE  FROM      YEAR
                                      NORMAL
......................................................
TEMPERATURE (F)
 YESTERDAY
  MAXIMUM         59    356 PM  62     -3       52
  MINIMUM         42    333 AM  37      5       36
  AVERAGE         51            50      1       44

PRECIPITATION (IN)
  YESTERDAY        0.00          0.05  -0.05     0.00
  MONTH TO DATE    0.00          0.21  -0.21     0.00
  SINCE MAR 1      1.25          2.53  -1.28     2.10
  SINCE JAN 1      1.72          3.10  -1.38     2.68

DEGREE DAYS
 HEATING
  YESTERDAY       14            15     -1       21
  MONTH TO DATE   34            63    -29       74
  SINCE MAR 1   1337          1719   -382     1878
  SINCE JUL 1   6795          7516   -721     7935

 COOLING
  YESTERDAY        0             0      0        0
  MONTH TO DATE    0             0      0        0
  SINCE MAR 1      0             0      0        0
  SINCE JAN 1      0             0      0        0
......................................................


WIND (MPH)
  HIGHEST WIND SPEED    32   HIGHEST WIND DIRECTION    SE (140)
  HIGHEST GUST SPEED    38   HIGHEST GUST DIRECTION    SE (140)
  AVERAGE WIND SPEED    18.2




RELATIVE HUMIDITY (PERCENT)
 HIGHEST    80           900 AM
 LOWEST     36           400 PM
 AVERAGE    58

..........................................................




SUNRISE AND SUNSET
MAY  5 2015...........SUNRISE   537 AM MDT   SUNSET   806 PM MDT
MAY  6 2015...........SUNRISE   535 AM MDT   SUNSET   807 PM MDT


-  INDICATES NEGATIVE NUMBERS.
R  INDICATES RECORD WAS SET OR TIED.
MM INDICATES DATA IS MISSING.
T  INDICATES TRACE AMOUNT.




$$
