000
CDUS43 KABR 270912
CLI8D3


CLIMATE REPORT
NATIONAL WEATHER SERVICE ABERDEEN SD
411 AM CDT MON APR 27 2015


...................................

...THE SISSETON SD CLIMATE SUMMARY FOR APRIL 26 2015...

CLIMATE NORMAL PERIOD 1981 TO 2010
CLIMATE RECORD PERIOD 1900 TO 2015


WEATHER ITEM   OBSERVED TIME   RECORD YEAR NORMAL DEPARTURE LAST
                VALUE   (LST)  VALUE       VALUE  FROM      YEAR
                                                  NORMAL
..................................................................
TEMPERATURE (F)
 YESTERDAY
  MAXIMUM         67    321 PM  91    1962  62      5       54
  MINIMUM         32    609 AM  23    1932  37     -5       32
  AVERAGE         50                        50      0       43

PRECIPITATION (IN)
  YESTERDAY        0.00          2.00 1912   0.12  -0.12     0.00
  MONTH TO DATE    0.62                      1.75  -1.13     1.36
  SINCE MAR 1      1.55                      2.87  -1.32     2.20
  SINCE JAN 1      2.43                      3.73  -1.30     2.82

SNOWFALL (IN)
  YESTERDAY        0.0
  MONTH TO DATE    0.0
  SINCE OCT 1     28.9
  SINCE JUL 1     28.9
  SNOW DEPTH       0

DEGREE DAYS
 HEATING
  YESTERDAY       15                        15      0       22
  MONTH TO DATE  477                       559    -82      633
  SINCE MAR 1   1393                      1642   -249     1832
  SINCE JUL 1   7662                      7901   -239     8649

 COOLING
  YESTERDAY        0                         0      0        0
  MONTH TO DATE    0                         0      0        0
  SINCE MAR 1      0                         0      0        0
  SINCE JAN 1      0                         0      0        0
..................................................................


WIND (MPH)
  HIGHEST WIND SPEED    14   HIGHEST WIND DIRECTION     S (170)
  HIGHEST GUST SPEED    18   HIGHEST GUST DIRECTION     S (170)
  AVERAGE WIND SPEED     5.7


SKY COVER
  POSSIBLE SUNSHINE  MM
  AVERAGE SKY COVER 0.0


WEATHER CONDITIONS
 THE FOLLOWING WEATHER WAS RECORDED YESTERDAY.
  NO SIGNIFICANT WEATHER WAS OBSERVED.


RELATIVE HUMIDITY (PERCENT)
 HIGHEST    92           600 AM
 LOWEST     22           400 PM
 AVERAGE    57

..........................................................


THE SISSETON SD CLIMATE NORMALS FOR TODAY
                         NORMAL    RECORD    YEAR
 MAXIMUM TEMPERATURE (F)   63        88      1952
 MINIMUM TEMPERATURE (F)   38        20      1934


SUNRISE AND SUNSET
APRIL 27 2015.........SUNRISE   622 AM CDT   SUNSET   830 PM CDT
APRIL 28 2015.........SUNRISE   621 AM CDT   SUNSET   831 PM CDT


-  INDICATES NEGATIVE NUMBERS.
R  INDICATES RECORD WAS SET OR TIED.
MM INDICATES DATA IS MISSING.
T  INDICATES TRACE AMOUNT.




$$
