000
CDUS46 KMFR 250036
CLIAAT


CLIMATE REPORT
NATIONAL WEATHER SERVICE MEDFORD, OR
536 PM PDT FRI APR 24 2015


...................................

...THE ALTURAS CA CLIMATE SUMMARY FOR APRIL 24 2015...
VALID TODAY AS OF 0500 PM LOCAL TIME.

CLIMATE NORMAL PERIOD 1981 TO 2010
CLIMATE RECORD PERIOD 1905 TO 2015


WEATHER ITEM   OBSERVED TIME   RECORD YEAR NORMAL DEPARTURE LAST
                VALUE   (LST)  VALUE       VALUE  FROM      YEAR
                                                  NORMAL
..................................................................
TEMPERATURE (F)
 TODAY
  MAXIMUM         52    105 PM  87    1910  60     -8       59
  MINIMUM         35    546 AM  14    1985  31      4       35
  AVERAGE         44                        45     -1       47

PRECIPITATION (IN)
  TODAY            0.01          0.48 1990   0.05  -0.04     0.16
  MONTH TO DATE    0.31                      1.23  -0.92     0.39
  SINCE OCT 1      6.48                     10.36  -3.88     4.78
  SINCE JAN 1      1.97                      5.85  -3.88     4.15

SNOWFALL (IN)
  TODAY           MM                        MM     MM       MM
  MONTH TO DATE   MM                        MM     MM       MM
  SINCE JUL 1     MM                        MM     MM        0.0
  SNOW DEPTH      MM

DEGREE DAYS
 HEATING
  TODAY           21                        20      1       18
  MONTH TO DATE  530                       541    -11      423
  SINCE MAR 1   1142                      1366   -224     1167
  SINCE JUL 1   4769                      6233  -1464     5932

 COOLING
  TODAY            0                         0      0        0
  MONTH TO DATE    0                         0      0        0
  SINCE MAR 1      0                         0      0        0
  SINCE JAN 1      0                         0      0        0
..................................................................


WIND (MPH)
  HIGHEST WIND SPEED    22   HIGHEST WIND DIRECTION    SW (240)
  HIGHEST GUST SPEED    26   HIGHEST GUST DIRECTION    SW (230)
  AVERAGE WIND SPEED     8.7


SKY COVER
  POSSIBLE SUNSHINE  MM
  AVERAGE SKY COVER 0.5


WEATHER CONDITIONS
 THE FOLLOWING WEATHER WAS RECORDED TODAY.
  LIGHT RAIN


RELATIVE HUMIDITY (PERCENT)
 HIGHEST    86           300 AM
 LOWEST     36           100 PM
 AVERAGE    61

..........................................................


THE ALTURAS CA CLIMATE NORMALS FOR TOMORROW
                         NORMAL    RECORD    YEAR
 MAXIMUM TEMPERATURE (F)   61        84      1946
 MINIMUM TEMPERATURE (F)   31        15      1960


SUNRISE AND SUNSET
APRIL 24 2015.........SUNRISE   609 AM PDT   SUNSET   752 PM PDT
APRIL 25 2015.........SUNRISE   608 AM PDT   SUNSET   753 PM PDT


-  INDICATES NEGATIVE NUMBERS.
R  INDICATES RECORD WAS SET OR TIED.
MM INDICATES DATA IS MISSING.
T  INDICATES TRACE AMOUNT.




$$
