000
CDUS42 KTAE 210700
CLIABY


CLIMATE REPORT
NATIONAL WEATHER SERVICE TALLAHASSEE FL
300 AM EDT TUE APR 21 2015


...................................

...THE ALBANY CLIMATE SUMMARY FOR APRIL 20 2015...

CLIMATE NORMAL PERIOD 1981 TO 2010
CLIMATE RECORD PERIOD 1930 TO 2015


WEATHER ITEM   OBSERVED TIME   RECORD YEAR NORMAL DEPARTURE LAST
                VALUE   (LST)  VALUE       VALUE  FROM      YEAR
                                                  NORMAL
..................................................................
TEMPERATURE (F)
 YESTERDAY
  MAXIMUM         73    615 PM  93    2006  80     -7       69
  MINIMUM         64    227 AM  38    1983  54     10       52
  AVERAGE         69                        67      2       61

PRECIPITATION (IN)
  YESTERDAY        T                         0.12  -0.12     0.00
  MONTH TO DATE    4.06                      2.75   1.31     5.99
  SINCE MAR 1      6.23                      7.80  -1.57     8.79
  SINCE JAN 1     13.56                     16.78  -3.22    14.03

SNOWFALL (IN)
  YESTERDAY        0.0                      MM

DEGREE DAYS
 HEATING
  YESTERDAY        0                         2     -2        4
  MONTH TO DATE    0                        57    -57       69
  SINCE MAR 1    118                       266   -148      337
  SINCE JUL 1   1842                      1826     16     1933

 COOLING
  YESTERDAY        4                         4      0        0
  MONTH TO DATE  140                        55     85       36
  SINCE MAR 1    206                        84    122       39
  SINCE JAN 1    208                        93    115       43
..................................................................


WIND (MPH)
  HIGHEST WIND SPEED    26   HIGHEST WIND DIRECTION    SW (210)
  HIGHEST GUST SPEED    33   HIGHEST GUST DIRECTION     S (200)
  AVERAGE WIND SPEED     6.9




RELATIVE HUMIDITY (PERCENT)
 HIGHEST    93
 LOWEST     73
 AVERAGE    83

..........................................................


THE ALBANY CLIMATE NORMALS FOR TODAY
                         NORMAL    RECORD    YEAR
 MAXIMUM TEMPERATURE (F)   81        91      2011
 MINIMUM TEMPERATURE (F)   55        38      1983


SUNRISE AND SUNSET
APRIL 21 2015.........SUNRISE   702 AM EDT   SUNSET   809 PM EDT
APRIL 22 2015.........SUNRISE   701 AM EDT   SUNSET   810 PM EDT


-  INDICATES NEGATIVE NUMBERS.
R  INDICATES RECORD WAS SET OR TIED.
MM INDICATES DATA IS MISSING.
T  INDICATES TRACE AMOUNT.




$$
