000
CDUS44 KLCH 250851
CLIAEX


CLIMATE REPORT
NATIONAL WEATHER SERVICE LAKE CHARLES, LA
351 AM CDT SAT APR 25 2015


...................................

...THE ALEXANDRIA CLIMATE SUMMARY FOR APRIL 24 2015...

CLIMATE NORMAL PERIOD 1981 TO 2010
CLIMATE RECORD PERIOD 1892 TO 2015


WEATHER ITEM   OBSERVED TIME   RECORD YEAR NORMAL DEPARTURE LAST
                VALUE   (LST)  VALUE       VALUE  FROM      YEAR
                                                  NORMAL
..................................................................
TEMPERATURE (F)
 YESTERDAY
  MAXIMUM         80    328 PM  92    1925  80      0       84
                                      1923
  MINIMUM         64    313 AM  42    1910  57      7       61
  AVERAGE         72                        69      3       73

PRECIPITATION (IN)
  YESTERDAY        0.17          2.65 1937   0.12   0.05     0.00
  MONTH TO DATE    6.20                      3.85   2.35     2.99
  SINCE MAR 1     12.00                      8.90   3.10     6.90
  SINCE JAN 1     17.10                     18.58  -1.48    13.28

SNOWFALL (IN)
  YESTERDAY        0.0           0.0    MM  MM     MM        0.0
  MONTH TO DATE    0.0                      MM     MM        0.0
  SINCE MAR 1      0.3                      MM     MM        0.2
  SINCE JUL 1      0.3                      MM     MM        5.0
  SNOW DEPTH       0

DEGREE DAYS
 HEATING
  YESTERDAY        0                         1     -1        0
  MONTH TO DATE   16                        62    -46       81
  SINCE MAR 1    197                       277    -80      398
  SINCE JUL 1   2048                      1942    106     2414

 COOLING
  YESTERDAY        7                         4      3        8
  MONTH TO DATE  119                        74     45       68
  SINCE MAR 1    163                       110     53       81
  SINCE JAN 1    164                       127     37       92
..................................................................


WIND (MPH)
  HIGHEST WIND SPEED    26   HIGHEST WIND DIRECTION     E (90)
  HIGHEST GUST SPEED    32   HIGHEST GUST DIRECTION     E (80)
  AVERAGE WIND SPEED     8.1


SKY COVER
  POSSIBLE SUNSHINE  MM
  AVERAGE SKY COVER 0.8


WEATHER CONDITIONS
 THE FOLLOWING WEATHER WAS RECORDED YESTERDAY.
  THUNDERSTORM
  RAIN
  LIGHT RAIN
  FOG
  HAZE


RELATIVE HUMIDITY (PERCENT)
 HIGHEST    97           100 PM
 LOWEST     79           400 PM
 AVERAGE    88

..........................................................


THE ALEXANDRIA CLIMATE NORMALS FOR TODAY
                         NORMAL    RECORD    YEAR
 MAXIMUM TEMPERATURE (F)   81        93      1925
 MINIMUM TEMPERATURE (F)   57        32      1910


SUNRISE AND SUNSET
APRIL 25 2015.........SUNRISE   631 AM CDT   SUNSET   745 PM CDT
APRIL 26 2015.........SUNRISE   630 AM CDT   SUNSET   746 PM CDT


-  INDICATES NEGATIVE NUMBERS.
R  INDICATES RECORD WAS SET OR TIED.
MM INDICATES DATA IS MISSING.
T  INDICATES TRACE AMOUNT.




$$
