000
CDUS42 KFFC 190818
CLIAHN


CLIMATE REPORT
NATIONAL WEATHER SERVICE PEACHTREE CITY GA
417 AM EDT SUN APR 19 2015


...................................

...THE ATHENS CLIMATE SUMMARY FOR APRIL 18 2015...

CLIMATE NORMAL PERIOD 1981 TO 2010
CLIMATE RECORD PERIOD 1898 TO 2015


WEATHER ITEM   OBSERVED TIME   RECORD YEAR NORMAL DEPARTURE LAST
                VALUE   (LST)  VALUE       VALUE  FROM      YEAR
                                                  NORMAL
..................................................................
TEMPERATURE (F)
 YESTERDAY
  MAXIMUM         75    253 PM  90    1942  75      0       56
                                      1927
  MINIMUM         62    656 AM  32    1936  50     12       48
  AVERAGE         69                        62      7       52

PRECIPITATION (IN)
  YESTERDAY        0.20          1.50 1924   0.10   0.10     0.66
  MONTH TO DATE    5.17                      1.92   3.25     3.70
  SINCE MAR 1      7.96                      6.35   1.61     7.07
  SINCE JAN 1     14.93                     14.88   0.05    15.71

SNOWFALL (IN)
  YESTERDAY        0.0           0.0  2002   0.0    0.0      0.0
                                      2001
                                      2000
  MONTH TO DATE    0.0                       0.1   -0.1      0.0
  SINCE MAR 1      0.0                       0.9   -0.9      0.0
  SINCE JUL 1      T                         3.0   -3.0      2.8
  SNOW DEPTH       0

DEGREE DAYS
 HEATING
  YESTERDAY        0                         4     -4       13
  MONTH TO DATE   36                       107    -71      104
  SINCE MAR 1    289                       447   -158      513
  SINCE JUL 1   2795                      2702     93     2975

 COOLING
  YESTERDAY        4                         2      2        0
  MONTH TO DATE   59                        20     39       21
  SINCE MAR 1     66                        30     36       21
  SINCE JAN 1     66                        31     35       22
..................................................................


WIND (MPH)
  RESULTANT WIND SPEED   4   RESULTANT WIND DIRECTION   E (80)
  HIGHEST WIND SPEED    10   HIGHEST WIND DIRECTION     E (90)
  HIGHEST GUST SPEED    15   HIGHEST GUST DIRECTION     E (70)
  AVERAGE WIND SPEED     3.5


SKY COVER
  POSSIBLE SUNSHINE  MM
  AVERAGE SKY COVER 0.8


WEATHER CONDITIONS
 THE FOLLOWING WEATHER WAS RECORDED YESTERDAY.
  RAIN
  LIGHT RAIN
  FOG


RELATIVE HUMIDITY (PERCENT)
 HIGHEST   100           300 AM
 LOWEST     84           600 PM
 AVERAGE    92

..........................................................


THE ATHENS CLIMATE NORMALS FOR TODAY
                         NORMAL    RECORD    YEAR
 MAXIMUM TEMPERATURE (F)   75        91      1917
 MINIMUM TEMPERATURE (F)   50        30      1983


SUNRISE AND SUNSET
APRIL 19 2015.........SUNRISE   658 AM EDT   SUNSET   807 PM EDT
APRIL 20 2015.........SUNRISE   657 AM EDT   SUNSET   808 PM EDT


-  INDICATES NEGATIVE NUMBERS.
R  INDICATES RECORD WAS SET OR TIED.
MM INDICATES DATA IS MISSING.
T  INDICATES TRACE AMOUNT.




$$
