000
CDUS45 KCYS 270731
CLIAIA


CLIMATE REPORT
NATIONAL WEATHER SERVICE CHEYENNE WY
131 AM MDT MON APR 27 2015


...................................

...THE ALLIANCE NE AIRPORT CLIMATE SUMMARY FOR APRIL 26 2015...

CLIMATE NORMAL PERIOD 1981 TO 2010
CLIMATE RECORD PERIOD 1896 TO 2015


WEATHER ITEM   OBSERVED TIME   RECORD YEAR NORMAL DEPARTURE LAST
                VALUE   (LST)  VALUE       VALUE  FROM      YEAR
                                                  NORMAL
..................................................................
TEMPERATURE (F)
 YESTERDAY
  MAXIMUM         50    200 PM  86    1981  63    -13       75
  MINIMUM         41   1043 PM  19    1932  32      9       37
  AVERAGE         46                        48     -2       56

PRECIPITATION (IN)
  YESTERDAY        0.16          1.59 1972   0.05   0.11     0.00
  MONTH TO DATE    2.45                      1.24   1.21     0.06
  SINCE JAN 1      3.43                      2.65   0.78     1.80

DEGREE DAYS
 HEATING
  YESTERDAY       19                        17      2        9
  MONTH TO DATE  503                       537    -34      504
  SINCE MAR 1   1223                      1419   -196     1421
  SINCE JUL 1   6450                      6823   -373     6985

 COOLING
  YESTERDAY        0                         0      0        0
  MONTH TO DATE    0                         0      0        0
  SINCE MAR 1      0                         0      0        0
  SINCE JAN 1      0                         0      0        0
..................................................................


WIND (MPH)
  HIGHEST WIND SPEED    20   HIGHEST WIND DIRECTION    SE (140)
  HIGHEST GUST SPEED    25   HIGHEST GUST DIRECTION    SE (140)
  AVERAGE WIND SPEED    10.4


SKY COVER
  AVERAGE SKY COVER 0.9


WEATHER CONDITIONS
 THE FOLLOWING WEATHER WAS RECORDED YESTERDAY.
  RAIN
  LIGHT RAIN
  FOG


RELATIVE HUMIDITY (PERCENT)
 HIGHEST   100          1000 AM
 LOWEST     71           300 PM
 AVERAGE    86

..........................................................


THE ALLIANCE NE AIRPORT CLIMATE NORMALS FOR TODAY
                         NORMAL    RECORD    YEAR
 MAXIMUM TEMPERATURE (F)   64        89      1910
 MINIMUM TEMPERATURE (F)   33        15      1994


SUNRISE AND SUNSET
APRIL 27 2015.........SUNRISE   553 AM MDT   SUNSET   745 PM MDT
APRIL 28 2015.........SUNRISE   551 AM MDT   SUNSET   747 PM MDT


-  INDICATES NEGATIVE NUMBERS.
R  INDICATES RECORD WAS SET OR TIED.
MM INDICATES DATA IS MISSING.
T  INDICATES TRACE AMOUNT.




$$
